CRAN Package Check Results for Package poolABC

Last updated on 2025-05-01 08:52:41 CEST.

Flavor Version Tinstall Tcheck Ttotal Status Flags
r-devel-linux-x86_64-debian-clang 1.0.0 8.53 190.07 198.60 NOTE
r-devel-linux-x86_64-debian-gcc 1.0.0 6.98 122.53 129.51 NOTE
r-devel-linux-x86_64-fedora-clang 1.0.0 312.80 OK
r-devel-linux-x86_64-fedora-gcc 1.0.0 311.29 OK
r-devel-windows-x86_64 1.0.0 12.00 207.00 219.00 NOTE
r-patched-linux-x86_64 1.0.0 10.19 176.75 186.94 NOTE
r-release-linux-x86_64 NOTE
r-release-macos-arm64 1.0.0 89.00 OK
r-release-macos-x86_64 1.0.0 178.00 OK
r-release-windows-x86_64 1.0.0 13.00 211.00 224.00 NOTE
r-oldrel-macos-arm64 1.0.0 83.00 NOTE
r-oldrel-macos-x86_64 1.0.0 142.00 NOTE
r-oldrel-windows-x86_64 1.0.0 16.00 272.00 288.00 NOTE

Check Details

Version: 1.0.0
Check: Rd cross-references
Result: NOTE Found the following Rd file(s) with Rd \link{} targets missing package anchors: forceLocus.Rd: forcePool Please provide package anchors for all Rd \link{} targets not in the package itself and the base packages. Flavors: r-devel-linux-x86_64-debian-clang, r-devel-linux-x86_64-debian-gcc, r-devel-windows-x86_64, r-patched-linux-x86_64, r-release-linux-x86_64, r-release-windows-x86_64

Version: 1.0.0
Check: examples
Result: NOTE Examples with CPU (user + system) or elapsed time > 5s user system elapsed ABC 3.659 0.163 6.197 poolSim 2.818 0.000 5.021 Flavor: r-devel-linux-x86_64-debian-clang

Version: 1.0.0
Check: installed package size
Result: NOTE installed size is 7.0Mb sub-directories of 1Mb or more: data 2.7Mb extdata 3.5Mb Flavors: r-oldrel-macos-arm64, r-oldrel-macos-x86_64, r-oldrel-windows-x86_64

These binaries (installable software) and packages are in development.
They may not be fully stable and should be used with caution. We make no claims about them.