Last updated on 2025-02-21 15:52:00 CET.
Flavor | Version | Tinstall | Tcheck | Ttotal | Status | Flags |
---|---|---|---|---|---|---|
r-devel-linux-x86_64-debian-clang | 0.1 | 3.77 | 40.90 | 44.67 | OK | |
r-devel-linux-x86_64-debian-gcc | 0.1 | 2.86 | 28.20 | 31.06 | OK | |
r-devel-linux-x86_64-fedora-clang | 0.1 | 71.80 | OK | |||
r-devel-linux-x86_64-fedora-gcc | 0.1 | 66.66 | OK | |||
r-devel-macos-arm64 | 0.1 | 23.00 | OK | |||
r-devel-macos-x86_64 | 0.1 | 40.00 | OK | |||
r-devel-windows-x86_64 | 0.1 | 5.00 | 70.00 | 75.00 | OK | |
r-patched-linux-x86_64 | 0.1 | 3.72 | 37.91 | 41.63 | NOTE | |
r-release-linux-x86_64 | 0.1 | 3.81 | 38.39 | 42.20 | NOTE | |
r-release-macos-arm64 | 0.1 | 23.00 | NOTE | |||
r-release-macos-x86_64 | 0.1 | 33.00 | NOTE | |||
r-release-windows-x86_64 | 0.1 | 5.00 | 57.00 | 62.00 | NOTE | |
r-oldrel-macos-arm64 | 0.1 | 24.00 | NOTE | |||
r-oldrel-macos-x86_64 | 0.1 | 37.00 | NOTE | |||
r-oldrel-windows-x86_64 | 0.1 | 5.00 | 68.00 | 73.00 | NOTE |
Version: 0.1
Check: LazyData
Result: NOTE
'LazyData' is specified without a 'data' directory
Flavors: r-patched-linux-x86_64, r-release-linux-x86_64, r-release-macos-arm64, r-release-macos-x86_64, r-release-windows-x86_64, r-oldrel-macos-arm64, r-oldrel-macos-x86_64, r-oldrel-windows-x86_64
These binaries (installable software) and packages are in development.
They may not be fully stable and should be used with caution. We make no claims about them.