CRAN Package Check Results for Package popPyramid

Last updated on 2025-02-21 15:52:00 CET.

Flavor Version Tinstall Tcheck Ttotal Status Flags
r-devel-linux-x86_64-debian-clang 0.1.1 4.79 40.11 44.90 OK
r-devel-linux-x86_64-debian-gcc 0.1.1 3.36 29.42 32.78 OK
r-devel-linux-x86_64-fedora-clang 0.1.1 70.06 NOTE
r-devel-linux-x86_64-fedora-gcc 0.1.1 65.23 NOTE
r-devel-macos-arm64 0.1.1 26.00 OK
r-devel-macos-x86_64 0.1.1 45.00 OK
r-devel-windows-x86_64 0.1.1 6.00 64.00 70.00 OK
r-patched-linux-x86_64 0.1.1 4.55 36.96 41.51 OK
r-release-linux-x86_64 0.1.1 4.32 37.02 41.34 OK
r-release-macos-arm64 0.1.1 23.00 OK
r-release-macos-x86_64 0.1.1 36.00 OK
r-release-windows-x86_64 0.1.1 6.00 64.00 70.00 OK
r-oldrel-macos-arm64 0.1.1 26.00 OK
r-oldrel-macos-x86_64 0.1.1 37.00 OK
r-oldrel-windows-x86_64 0.1.1 7.00 97.00 104.00 OK

Check Details

Version: 0.1.1
Check: dependencies in R code
Result: NOTE Namespace in Imports field not imported from: ‘tibble’ All declared Imports should be used. Flavors: r-devel-linux-x86_64-fedora-clang, r-devel-linux-x86_64-fedora-gcc

These binaries (installable software) and packages are in development.
They may not be fully stable and should be used with caution. We make no claims about them.