CRAN Package Check Results for Package popPyramid

Last updated on 2025-10-23 17:50:57 CEST.

Flavor Version Tinstall Tcheck Ttotal Status Flags
r-devel-linux-x86_64-debian-clang 0.1.1 6.24 55.12 61.36 OK
r-devel-linux-x86_64-debian-gcc 0.1.1 4.15 40.19 44.34 OK
r-devel-linux-x86_64-fedora-clang 0.1.1 16.00 79.94 95.94 NOTE
r-devel-linux-x86_64-fedora-gcc 0.1.1 14.00 74.92 88.92 NOTE
r-devel-windows-x86_64 0.1.1 8.00 71.00 79.00 OK
r-patched-linux-x86_64 0.1.1 5.51 51.86 57.37 OK
r-release-linux-x86_64 0.1.1 5.45 51.93 57.38 OK
r-release-macos-arm64 0.1.1 2.00 23.00 25.00 OK
r-release-macos-x86_64 0.1.1 4.00 36.00 40.00 OK
r-release-windows-x86_64 0.1.1 9.00 74.00 83.00 OK
r-oldrel-macos-arm64 0.1.1 2.00 21.00 23.00 OK
r-oldrel-macos-x86_64 0.1.1 4.00 32.00 36.00 OK
r-oldrel-windows-x86_64 0.1.1 10.00 82.00 92.00 OK

Check Details

Version: 0.1.1
Check: dependencies in R code
Result: NOTE Namespace in Imports field not imported from: ‘tibble’ All declared Imports should be used. Flavors: r-devel-linux-x86_64-fedora-clang, r-devel-linux-x86_64-fedora-gcc

These binaries (installable software) and packages are in development.
They may not be fully stable and should be used with caution. We make no claims about them.