CRAN Package Check Results for Package popReconstruct

Last updated on 2025-07-04 11:50:34 CEST.

Flavor Version Tinstall Tcheck Ttotal Status Flags
r-devel-linux-x86_64-debian-clang 1.0-6 2.75 45.40 48.15 NOTE
r-devel-linux-x86_64-debian-gcc 1.0-6 2.29 32.80 35.09 NOTE
r-devel-linux-x86_64-fedora-clang 1.0-6 78.66 OK
r-devel-linux-x86_64-fedora-gcc 1.0-6 83.18 OK
r-devel-windows-x86_64 1.0-6 4.00 76.00 80.00 OK
r-patched-linux-x86_64 1.0-6 3.50 42.41 45.91 OK
r-release-linux-x86_64 1.0-6 2.90 41.93 44.83 OK
r-release-macos-arm64 1.0-6 34.00 OK
r-release-macos-x86_64 1.0-6 59.00 OK
r-release-windows-x86_64 1.0-6 4.00 83.00 87.00 OK
r-oldrel-macos-arm64 1.0-6 40.00 OK
r-oldrel-macos-x86_64 1.0-6 45.00 OK
r-oldrel-windows-x86_64 1.0-6 5.00 86.00 91.00 OK

Check Details

Version: 1.0-6
Check: CRAN incoming feasibility
Result: NOTE Maintainer: ‘"Mark C. Wheldon" <biostatmark@gmail.com>’ No Authors@R field in DESCRIPTION. Please add one, modifying Authors@R: c(person(given = c("Mark", "C."), family = "Wheldon", role = "aut"), person(given = c("\"Mark", "C."), family = "Wheldon\"", role = "cre", email = "biostatmark@gmail.com")) as necessary. Flavors: r-devel-linux-x86_64-debian-clang, r-devel-linux-x86_64-debian-gcc

These binaries (installable software) and packages are in development.
They may not be fully stable and should be used with caution. We make no claims about them.