CRAN Package Check Results for Package popdemo

Last updated on 2025-11-13 17:50:43 CET.

Flavor Version Tinstall Tcheck Ttotal Status Flags
r-devel-linux-x86_64-debian-clang 1.3-2 8.79 132.77 141.56 OK
r-devel-linux-x86_64-debian-gcc 1.3-2 7.92 100.48 108.40 OK
r-devel-linux-x86_64-fedora-clang 1.3-2 20.00 182.94 202.94 OK
r-devel-linux-x86_64-fedora-gcc 1.3-2 21.00 185.10 206.10 OK
r-devel-windows-x86_64 1.3-2 14.00 120.00 134.00 OK
r-patched-linux-x86_64 1.3-2 12.09 127.85 139.94 OK
r-release-linux-x86_64 1.3-2 10.49 127.70 138.19 OK
r-release-macos-arm64 1.3-2 6.00 55.00 61.00 OK
r-release-macos-x86_64 1.3-2 15.00 128.00 143.00 OK
r-release-windows-x86_64 1.3-2 12.00 124.00 136.00 OK
r-oldrel-macos-arm64 1.3-2 3.00 57.00 60.00 NOTE
r-oldrel-macos-x86_64 1.3-2 24.00 149.00 173.00 NOTE
r-oldrel-windows-x86_64 1.3-2 18.00 145.00 163.00 NOTE

Check Details

Version: 1.3-2
Check: installed package size
Result: NOTE installed size is 5.6Mb sub-directories of 1Mb or more: doc 5.1Mb Flavors: r-oldrel-macos-arm64, r-oldrel-macos-x86_64, r-oldrel-windows-x86_64

These binaries (installable software) and packages are in development.
They may not be fully stable and should be used with caution. We make no claims about them.