Last updated on 2025-10-23 23:49:40 CEST.
| Flavor | Version | Tinstall | Tcheck | Ttotal | Status | Flags |
|---|---|---|---|---|---|---|
| r-devel-linux-x86_64-debian-clang | 7.1.0 | 8.89 | 105.59 | 114.48 | NOTE | |
| r-devel-linux-x86_64-debian-gcc | 7.1.0 | 6.53 | 60.14 | 66.67 | OK | |
| r-devel-linux-x86_64-fedora-clang | 7.1.0 | 23.00 | 142.15 | 165.15 | OK | |
| r-devel-linux-x86_64-fedora-gcc | 7.1.0 | 21.00 | 125.73 | 146.73 | OK | |
| r-devel-windows-x86_64 | 7.1.0 | 14.00 | 102.00 | 116.00 | OK | |
| r-patched-linux-x86_64 | 7.1.0 | 9.83 | 83.49 | 93.32 | OK | |
| r-release-linux-x86_64 | 7.1.0 | 10.13 | 83.92 | 94.05 | OK | |
| r-release-macos-arm64 | 7.1.0 | 5.00 | 36.00 | 41.00 | OK | |
| r-release-macos-x86_64 | 7.1.0 | 10.00 | 61.00 | 71.00 | OK | |
| r-release-windows-x86_64 | 7.1.0 | 14.00 | 102.00 | 116.00 | OK | |
| r-oldrel-macos-arm64 | 7.1.0 | 6.00 | 39.00 | 45.00 | OK | |
| r-oldrel-macos-x86_64 | 7.1.0 | 12.00 | 64.00 | 76.00 | OK | |
| r-oldrel-windows-x86_64 | 7.1.0 | 16.00 | 126.00 | 142.00 | OK |
Version: 7.1.0
Check: HTML version of manual
Result: NOTE
Found the following HTML validation problems:
map.build.html:147:1 (map.build.Rd:63): Warning: <h3> anchor "_sec_note" already defined
Flavor: r-devel-linux-x86_64-debian-clang
These binaries (installable software) and packages are in development.
They may not be fully stable and should be used with caution. We make no claims about them.