CRAN Package Check Results for Package popstudy

Last updated on 2025-05-01 14:49:18 CEST.

Flavor Version Tinstall Tcheck Ttotal Status Flags
r-devel-linux-x86_64-debian-clang 1.0.1 27.05 202.03 229.08 NOTE
r-devel-linux-x86_64-debian-gcc 1.0.1 21.08 147.01 168.09 NOTE
r-devel-linux-x86_64-fedora-clang 1.0.1 383.77 OK
r-devel-linux-x86_64-fedora-gcc 1.0.1 379.85 OK
r-devel-windows-x86_64 1.0.1 29.00 201.00 230.00 NOTE
r-patched-linux-x86_64 1.0.1 26.60 191.52 218.12 NOTE
r-release-linux-x86_64 NOTE
r-release-macos-arm64 1.0.1 89.00 OK
r-release-macos-x86_64 1.0.1 174.00 OK
r-release-windows-x86_64 1.0.1 30.00 203.00 233.00 NOTE
r-oldrel-macos-arm64 1.0.1 90.00 OK
r-oldrel-macos-x86_64 1.0.1 133.00 OK
r-oldrel-windows-x86_64 1.0.1 38.00 263.00 301.00 OK

Check Details

Version: 1.0.1
Check: Rd cross-references
Result: NOTE Found the following Rd file(s) with Rd \link{} targets missing package anchors: Lifetable.Rd: forecast, read.demogdata Please provide package anchors for all Rd \link{} targets not in the package itself and the base packages. Flavors: r-devel-linux-x86_64-debian-clang, r-devel-linux-x86_64-debian-gcc, r-devel-windows-x86_64, r-patched-linux-x86_64, r-release-linux-x86_64, r-release-windows-x86_64

These binaries (installable software) and packages are in development.
They may not be fully stable and should be used with caution. We make no claims about them.