CRAN Package Check Results for Package popstudy

Last updated on 2025-02-07 08:51:31 CET.

Flavor Version Tinstall Tcheck Ttotal Status Flags
r-devel-linux-x86_64-debian-clang 1.0.1 25.09 191.83 216.92 NOTE
r-devel-linux-x86_64-debian-gcc 1.0.1 18.15 134.16 152.31 NOTE
r-devel-linux-x86_64-fedora-clang 1.0.1 347.42 OK
r-devel-linux-x86_64-fedora-gcc 1.0.1 320.63 OK
r-devel-windows-x86_64 1.0.1 30.00 199.00 229.00 NOTE
r-patched-linux-x86_64 1.0.1 32.34 175.47 207.81 OK
r-release-linux-x86_64 1.0.1 23.72 173.16 196.88 OK
r-release-macos-arm64 1.0.1 90.00 OK
r-release-macos-x86_64 1.0.1 133.00 OK
r-release-windows-x86_64 1.0.1 26.00 190.00 216.00 OK
r-oldrel-macos-arm64 1.0.1 69.00 OK
r-oldrel-macos-x86_64 1.0.1 112.00 OK
r-oldrel-windows-x86_64 1.0.1 36.00 233.00 269.00 OK

Check Details

Version: 1.0.1
Check: Rd cross-references
Result: NOTE Found the following Rd file(s) with Rd \link{} targets missing package anchors: Lifetable.Rd: forecast, read.demogdata Please provide package anchors for all Rd \link{} targets not in the package itself and the base packages. Flavors: r-devel-linux-x86_64-debian-clang, r-devel-linux-x86_64-debian-gcc, r-devel-windows-x86_64

These binaries (installable software) and packages are in development.
They may not be fully stable and should be used with caution. We make no claims about them.