Last updated on 2025-07-02 03:50:48 CEST.
Flavor | Version | Tinstall | Tcheck | Ttotal | Status | Flags |
---|---|---|---|---|---|---|
r-devel-linux-x86_64-debian-clang | 0.2.1 | 8.02 | 126.99 | 135.01 | NOTE | |
r-devel-linux-x86_64-debian-gcc | 0.2.1 | 5.00 | 91.51 | 96.51 | NOTE | |
r-devel-linux-x86_64-fedora-clang | 0.2.1 | 214.79 | OK | |||
r-devel-linux-x86_64-fedora-gcc | 0.2.1 | 221.54 | OK | |||
r-devel-windows-x86_64 | 0.2.1 | 9.00 | 144.00 | 153.00 | OK | |
r-patched-linux-x86_64 | OK | |||||
r-release-linux-x86_64 | 0.2.1 | 7.05 | 120.16 | 127.21 | OK | |
r-release-macos-arm64 | 0.2.1 | 71.00 | OK | |||
r-release-macos-x86_64 | 0.2.1 | 130.00 | OK | |||
r-release-windows-x86_64 | 0.2.1 | 9.00 | 139.00 | 148.00 | OK | |
r-oldrel-macos-arm64 | 0.2.1 | 60.00 | OK | |||
r-oldrel-macos-x86_64 | 0.2.1 | 95.00 | OK | |||
r-oldrel-windows-x86_64 | 0.2.1 | 12.00 | 184.00 | 196.00 | OK |
Version: 0.2.1
Check: CRAN incoming feasibility
Result: NOTE
Maintainer: ‘Marios Batsaris <m.batsaris@aegean.gr>’
No Authors@R field in DESCRIPTION.
Please add one, modifying
Authors@R: person(given = "Marios",
family = "Batsaris",
role = c("aut", "cre"),
email = "m.batsaris@aegean.gr")
as necessary.
Flavors: r-devel-linux-x86_64-debian-clang, r-devel-linux-x86_64-debian-gcc
These binaries (installable software) and packages are in development.
They may not be fully stable and should be used with caution. We make no claims about them.