Last updated on 2025-10-24 13:49:46 CEST.
| Flavor | Version | Tinstall | Tcheck | Ttotal | Status | Flags |
|---|---|---|---|---|---|---|
| r-devel-linux-x86_64-debian-clang | 6.0 | 9.55 | 81.91 | 91.46 | NOTE | |
| r-devel-linux-x86_64-debian-gcc | 6.0 | 6.77 | 57.78 | 64.55 | NOTE | |
| r-devel-linux-x86_64-fedora-clang | 6.0 | 20.00 | 116.22 | 136.22 | OK | |
| r-devel-linux-x86_64-fedora-gcc | 6.0 | 20.00 | 110.10 | 130.10 | OK | |
| r-devel-windows-x86_64 | 6.0 | 10.00 | 89.00 | 99.00 | OK | |
| r-patched-linux-x86_64 | 6.0 | 10.03 | 76.64 | 86.67 | OK | |
| r-release-linux-x86_64 | 6.0 | 8.67 | 75.56 | 84.23 | OK | |
| r-release-macos-arm64 | 6.0 | 4.00 | 31.00 | 35.00 | OK | |
| r-release-macos-x86_64 | 6.0 | 8.00 | 55.00 | 63.00 | OK | |
| r-release-windows-x86_64 | 6.0 | 13.00 | 91.00 | 104.00 | OK | |
| r-oldrel-macos-arm64 | 6.0 | 4.00 | 29.00 | 33.00 | OK | |
| r-oldrel-macos-x86_64 | 6.0 | 6.00 | 44.00 | 50.00 | OK | |
| r-oldrel-windows-x86_64 | 6.0 | 19.00 | 116.00 | 135.00 | OK |
Version: 6.0
Check: CRAN incoming feasibility
Result: NOTE
Maintainer: ‘Esam Mahdi <emahdi2012@gmail.com>’
No Authors@R field in DESCRIPTION.
Please add one, modifying
Authors@R: person(given = "Esam",
family = "Mahdi",
role = c("aut", "cre"),
email = "emahdi2012@gmail.com")
as necessary.
Flavors: r-devel-linux-x86_64-debian-clang, r-devel-linux-x86_64-debian-gcc
These binaries (installable software) and packages are in development.
They may not be fully stable and should be used with caution. We make no claims about them.