CRAN Package Check Results for Package portfolio.optimization

Last updated on 2025-10-03 13:49:43 CEST.

Flavor Version Tinstall Tcheck Ttotal Status Flags
r-devel-linux-x86_64-debian-clang 1.0-0 4.18 425.02 429.20 NOTE
r-devel-linux-x86_64-debian-gcc 1.0-0 3.16 270.15 273.31 NOTE
r-devel-linux-x86_64-fedora-clang 1.0-0 487.27 NOTE
r-devel-linux-x86_64-fedora-gcc 1.0-0 678.35 NOTE
r-devel-windows-x86_64 1.0-0 79.00 303.00 382.00 NOTE
r-patched-linux-x86_64 1.0-0 5.12 391.54 396.66 NOTE
r-release-linux-x86_64 1.0-0 4.70 387.61 392.31 NOTE
r-release-macos-arm64 1.0-0 208.00 NOTE
r-release-macos-x86_64 1.0-0 421.00 NOTE
r-release-windows-x86_64 1.0-0 79.00 301.00 380.00 NOTE
r-oldrel-macos-arm64 1.0-0 181.00 NOTE
r-oldrel-macos-x86_64 1.0-0 298.00 NOTE
r-oldrel-windows-x86_64 1.0-0 109.00 394.00 503.00 NOTE

Check Details

Version: 1.0-0
Check: package subdirectories
Result: NOTE Problems with news in ‘NEWS.md’: No news entries found. Flavors: r-devel-linux-x86_64-debian-clang, r-devel-linux-x86_64-debian-gcc, r-devel-linux-x86_64-fedora-clang, r-devel-linux-x86_64-fedora-gcc, r-devel-windows-x86_64, r-patched-linux-x86_64, r-release-linux-x86_64, r-release-macos-arm64, r-release-macos-x86_64, r-release-windows-x86_64, r-oldrel-macos-arm64, r-oldrel-macos-x86_64, r-oldrel-windows-x86_64

These binaries (installable software) and packages are in development.
They may not be fully stable and should be used with caution. We make no claims about them.