Last updated on 2025-02-16 08:50:57 CET.
Flavor | Version | Tinstall | Tcheck | Ttotal | Status | Flags |
---|---|---|---|---|---|---|
r-devel-linux-x86_64-debian-clang | 1.0-0 | 5.06 | 411.87 | 416.93 | NOTE | |
r-devel-linux-x86_64-debian-gcc | 1.0-0 | 3.66 | 256.16 | 259.82 | NOTE | |
r-devel-linux-x86_64-fedora-clang | 1.0-0 | 634.59 | NOTE | |||
r-devel-linux-x86_64-fedora-gcc | 1.0-0 | 660.27 | NOTE | |||
r-devel-macos-arm64 | 1.0-0 | 184.00 | NOTE | |||
r-devel-macos-x86_64 | 1.0-0 | 406.00 | NOTE | |||
r-devel-windows-x86_64 | 1.0-0 | 78.00 | 308.00 | 386.00 | NOTE | |
r-patched-linux-x86_64 | 1.0-0 | 4.80 | 381.62 | 386.42 | NOTE | |
r-release-linux-x86_64 | 1.0-0 | 4.02 | 380.32 | 384.34 | NOTE | |
r-release-macos-arm64 | 1.0-0 | 181.00 | NOTE | |||
r-release-macos-x86_64 | 1.0-0 | 298.00 | NOTE | |||
r-release-windows-x86_64 | 1.0-0 | 78.00 | 308.00 | 386.00 | NOTE | |
r-oldrel-macos-arm64 | 1.0-0 | 161.00 | NOTE | |||
r-oldrel-macos-x86_64 | 1.0-0 | 282.00 | NOTE | |||
r-oldrel-windows-x86_64 | 1.0-0 | 97.00 | 350.00 | 447.00 | NOTE |
Version: 1.0-0
Check: package subdirectories
Result: NOTE
Problems with news in ‘NEWS.md’:
No news entries found.
Flavors: r-devel-linux-x86_64-debian-clang, r-devel-linux-x86_64-debian-gcc, r-devel-linux-x86_64-fedora-clang, r-devel-linux-x86_64-fedora-gcc, r-devel-macos-arm64, r-devel-macos-x86_64, r-devel-windows-x86_64, r-patched-linux-x86_64, r-release-linux-x86_64, r-release-macos-arm64, r-release-macos-x86_64, r-release-windows-x86_64, r-oldrel-macos-arm64, r-oldrel-macos-x86_64, r-oldrel-windows-x86_64
These binaries (installable software) and packages are in development.
They may not be fully stable and should be used with caution. We make no claims about them.