Last updated on 2025-10-23 17:50:57 CEST.
Flavor | Version | Tinstall | Tcheck | Ttotal | Status | Flags |
---|---|---|---|---|---|---|
r-devel-linux-x86_64-debian-clang | 0.4.1 | 8.02 | 178.64 | 186.66 | NOTE | |
r-devel-linux-x86_64-debian-gcc | 0.4.1 | 6.02 | 112.59 | 118.61 | OK | |
r-devel-linux-x86_64-fedora-clang | 0.4.1 | 18.00 | 257.14 | 275.14 | OK | |
r-devel-linux-x86_64-fedora-gcc | 0.4.1 | 17.00 | 260.95 | 277.95 | OK | |
r-devel-windows-x86_64 | 0.4.1 | 11.00 | 187.00 | 198.00 | OK | |
r-patched-linux-x86_64 | 0.4.1 | 7.80 | 160.50 | 168.30 | OK | |
r-release-linux-x86_64 | 0.4.1 | 7.41 | 161.18 | 168.59 | OK | |
r-release-macos-arm64 | 0.4.1 | 4.00 | 73.00 | 77.00 | OK | |
r-release-macos-x86_64 | 0.4.1 | 6.00 | 164.00 | 170.00 | OK | |
r-release-windows-x86_64 | 0.4.1 | 11.00 | 178.00 | 189.00 | OK | |
r-oldrel-macos-arm64 | 0.4.1 | 4.00 | 71.00 | 75.00 | OK | |
r-oldrel-macos-x86_64 | 0.4.1 | 6.00 | 130.00 | 136.00 | OK | |
r-oldrel-windows-x86_64 | 0.4.1 | 14.00 | 238.00 | 252.00 | OK |
Version: 0.4.1
Check: HTML version of manual
Result: NOTE
Found the following HTML validation problems:
stockDataResample.html:69:1 (stockDataResample.Rd:25): Warning: missing </ul> before </div>
Flavor: r-devel-linux-x86_64-debian-clang
These binaries (installable software) and packages are in development.
They may not be fully stable and should be used with caution. We make no claims about them.