CRAN Package Check Results for Package portvine

Last updated on 2025-07-05 03:48:45 CEST.

Flavor Version Tinstall Tcheck Ttotal Status Flags
r-devel-linux-x86_64-debian-clang 1.0.3 104.45 400.43 504.88 OK
r-devel-linux-x86_64-debian-gcc 1.0.3 87.23 268.69 355.92 OK
r-devel-linux-x86_64-fedora-clang 1.0.3 848.80 OK
r-devel-linux-x86_64-fedora-gcc 1.0.3 863.61 OK
r-devel-windows-x86_64 1.0.3 121.00 384.00 505.00 OK
r-patched-linux-x86_64 1.0.3 123.69 383.96 507.65 OK
r-release-linux-x86_64 1.0.3 125.63 384.37 510.00 OK
r-release-macos-arm64 1.0.3 176.00 OK
r-release-macos-x86_64 1.0.3 418.00 OK
r-release-windows-x86_64 1.0.3 118.00 386.00 504.00 OK
r-oldrel-macos-arm64 1.0.3 179.00 NOTE
r-oldrel-macos-x86_64 1.0.3 290.00 NOTE
r-oldrel-windows-x86_64 1.0.3 144.00 518.00 662.00 NOTE

Check Details

Version: 1.0.3
Check: installed package size
Result: NOTE installed size is 39.8Mb sub-directories of 1Mb or more: libs 38.6Mb Flavors: r-oldrel-macos-arm64, r-oldrel-macos-x86_64, r-oldrel-windows-x86_64

These binaries (installable software) and packages are in development.
They may not be fully stable and should be used with caution. We make no claims about them.