Last updated on 2025-05-01 08:52:41 CEST.
Flavor | Version | Tinstall | Tcheck | Ttotal | Status | Flags |
---|---|---|---|---|---|---|
r-devel-linux-x86_64-debian-clang | 1.0.3 | 106.19 | 330.05 | 436.24 | OK | |
r-devel-linux-x86_64-debian-gcc | 1.0.3 | 92.00 | 241.61 | 333.61 | OK | |
r-devel-linux-x86_64-fedora-clang | 1.0.3 | 682.53 | OK | |||
r-devel-linux-x86_64-fedora-gcc | 1.0.3 | 747.88 | OK | |||
r-devel-windows-x86_64 | 1.0.3 | 120.00 | 348.00 | 468.00 | OK | |
r-patched-linux-x86_64 | 1.0.3 | 125.52 | 323.25 | 448.77 | OK | |
r-release-linux-x86_64 | OK | |||||
r-release-macos-arm64 | 1.0.3 | 176.00 | OK | |||
r-release-macos-x86_64 | 1.0.3 | 418.00 | OK | |||
r-release-windows-x86_64 | 1.0.3 | 124.00 | 352.00 | 476.00 | OK | |
r-oldrel-macos-arm64 | 1.0.3 | 179.00 | NOTE | |||
r-oldrel-macos-x86_64 | 1.0.3 | 290.00 | NOTE | |||
r-oldrel-windows-x86_64 | 1.0.3 | 137.00 | 448.00 | 585.00 | NOTE |
Version: 1.0.3
Check: installed package size
Result: NOTE
installed size is 39.8Mb
sub-directories of 1Mb or more:
libs 38.6Mb
Flavors: r-oldrel-macos-arm64, r-oldrel-macos-x86_64, r-oldrel-windows-x86_64
These binaries (installable software) and packages are in development.
They may not be fully stable and should be used with caution. We make no claims about them.