Last updated on 2025-02-21 15:52:00 CET.
Flavor | Version | Tinstall | Tcheck | Ttotal | Status | Flags |
---|---|---|---|---|---|---|
r-devel-linux-x86_64-debian-clang | 1.0.3 | 105.23 | 329.13 | 434.36 | OK | |
r-devel-linux-x86_64-debian-gcc | 1.0.3 | 89.84 | 224.98 | 314.82 | OK | |
r-devel-linux-x86_64-fedora-clang | 1.0.3 | 695.44 | OK | |||
r-devel-linux-x86_64-fedora-gcc | 1.0.3 | 730.03 | OK | |||
r-devel-macos-arm64 | 1.0.3 | 179.00 | OK | |||
r-devel-macos-x86_64 | 1.0.3 | 418.00 | OK | |||
r-devel-windows-x86_64 | 1.0.3 | 112.00 | 335.00 | 447.00 | OK | |
r-patched-linux-x86_64 | 1.0.3 | 124.62 | 308.66 | 433.28 | OK | |
r-release-linux-x86_64 | 1.0.3 | 116.87 | 307.29 | 424.16 | OK | |
r-release-macos-arm64 | 1.0.3 | 179.00 | NOTE | |||
r-release-macos-x86_64 | 1.0.3 | 290.00 | NOTE | |||
r-release-windows-x86_64 | 1.0.3 | 115.00 | 331.00 | 446.00 | NOTE | |
r-oldrel-macos-arm64 | 1.0.3 | 195.00 | NOTE | |||
r-oldrel-macos-x86_64 | 1.0.3 | 439.00 | NOTE | |||
r-oldrel-windows-x86_64 | 1.0.3 | 140.00 | 426.00 | 566.00 | NOTE |
Version: 1.0.3
Check: installed package size
Result: NOTE
installed size is 39.8Mb
sub-directories of 1Mb or more:
libs 38.6Mb
Flavors: r-release-macos-arm64, r-release-macos-x86_64, r-release-windows-x86_64, r-oldrel-macos-arm64, r-oldrel-macos-x86_64, r-oldrel-windows-x86_64
These binaries (installable software) and packages are in development.
They may not be fully stable and should be used with caution. We make no claims about them.