Last updated on 2025-11-11 15:50:43 CET.
| Flavor | Version | Tinstall | Tcheck | Ttotal | Status | Flags |
|---|---|---|---|---|---|---|
| r-devel-linux-x86_64-debian-clang | 0.1.1 | 150.04 | 38.43 | 188.47 | OK | |
| r-devel-linux-x86_64-debian-gcc | 0.1.1 | 107.65 | 27.79 | 135.44 | OK | |
| r-devel-linux-x86_64-fedora-clang | 0.1.1 | 58.00 | 249.86 | 307.86 | OK | |
| r-devel-linux-x86_64-fedora-gcc | 0.1.1 | 301.00 | 52.31 | 353.31 | OK | |
| r-devel-windows-x86_64 | 0.1.1 | 148.00 | 87.00 | 235.00 | OK | |
| r-patched-linux-x86_64 | 0.1.1 | 163.99 | 35.90 | 199.89 | OK | |
| r-release-linux-x86_64 | 0.1.1 | 160.12 | 36.02 | 196.14 | OK | |
| r-release-macos-arm64 | 0.1.1 | 45.00 | 19.00 | 64.00 | OK | |
| r-release-macos-x86_64 | 0.1.1 | 111.00 | 74.00 | 185.00 | OK | |
| r-release-windows-x86_64 | 0.1.1 | 147.00 | 87.00 | 234.00 | OK | |
| r-oldrel-macos-arm64 | 0.1.1 | 44.00 | 22.00 | 66.00 | NOTE | |
| r-oldrel-macos-x86_64 | 0.1.1 | 85.00 | 79.00 | 164.00 | NOTE | |
| r-oldrel-windows-x86_64 | 0.1.1 | 157.00 | 104.00 | 261.00 | OK |
Version: 0.1.1
Check: installed package size
Result: NOTE
installed size is 13.6Mb
sub-directories of 1Mb or more:
libs 13.2Mb
Flavors: r-oldrel-macos-arm64, r-oldrel-macos-x86_64
These binaries (installable software) and packages are in development.
They may not be fully stable and should be used with caution. We make no claims about them.