Last updated on 2025-11-12 12:53:18 CET.
| Flavor | Version | Tinstall | Tcheck | Ttotal | Status | Flags |
|---|---|---|---|---|---|---|
| r-devel-linux-x86_64-debian-clang | 2.4.0.2 | 23.97 | 181.37 | 205.34 | OK | |
| r-devel-linux-x86_64-debian-gcc | 2.4.0.2 | 18.39 | 135.47 | 153.86 | OK | |
| r-devel-linux-x86_64-fedora-clang | 2.4.0.2 | 51.00 | 279.75 | 330.75 | NOTE | |
| r-devel-linux-x86_64-fedora-gcc | 2.4.0.2 | 50.00 | 278.11 | 328.11 | NOTE | |
| r-devel-windows-x86_64 | 2.4.0.2 | 26.00 | 162.00 | 188.00 | OK | |
| r-patched-linux-x86_64 | 2.4.0.2 | 25.02 | 172.02 | 197.04 | OK | |
| r-release-linux-x86_64 | 2.4.0.2 | 23.92 | 172.40 | 196.32 | OK | |
| r-release-macos-arm64 | 2.4.0.2 | 10.00 | 82.00 | 92.00 | OK | |
| r-release-macos-x86_64 | 2.4.0.2 | 20.00 | 124.00 | 144.00 | OK | |
| r-release-windows-x86_64 | 2.4.0.2 | 26.00 | 162.00 | 188.00 | OK | |
| r-oldrel-macos-arm64 | 2.4.0.2 | 9.00 | 66.00 | 75.00 | OK | |
| r-oldrel-macos-x86_64 | 2.4.0.2 | 13.00 | 94.00 | 107.00 | OK | |
| r-oldrel-windows-x86_64 | 2.4.0.2 | 34.00 | 206.00 | 240.00 | OK |
Version: 2.4.0.2
Check: dependencies in R code
Result: NOTE
Namespaces in Imports field not imported from:
‘ActCR’ ‘ActFrag’ ‘tidyr’
All declared Imports should be used.
Flavors: r-devel-linux-x86_64-fedora-clang, r-devel-linux-x86_64-fedora-gcc
These binaries (installable software) and packages are in development.
They may not be fully stable and should be used with caution. We make no claims about them.