Last updated on 2025-02-16 08:50:57 CET.
Flavor | Version | Tinstall | Tcheck | Ttotal | Status | Flags |
---|---|---|---|---|---|---|
r-devel-linux-x86_64-debian-clang | 2.4.0.2 | 22.82 | 160.49 | 183.31 | OK | |
r-devel-linux-x86_64-debian-gcc | 2.4.0.2 | 18.99 | 118.73 | 137.72 | OK | |
r-devel-linux-x86_64-fedora-clang | 2.4.0.2 | 303.41 | NOTE | |||
r-devel-linux-x86_64-fedora-gcc | 2.4.0.2 | 298.71 | NOTE | |||
r-devel-macos-arm64 | 2.4.0.2 | 89.00 | OK | |||
r-devel-macos-x86_64 | 2.4.0.2 | 144.00 | OK | |||
r-devel-windows-x86_64 | 2.4.0.2 | 23.00 | 150.00 | 173.00 | OK | |
r-patched-linux-x86_64 | 2.4.0.2 | 23.08 | 153.65 | 176.73 | OK | |
r-release-linux-x86_64 | 2.4.0.2 | 22.01 | 152.66 | 174.67 | OK | |
r-release-macos-arm64 | 2.4.0.2 | 75.00 | OK | |||
r-release-macos-x86_64 | 2.4.0.2 | 107.00 | OK | |||
r-release-windows-x86_64 | 2.4.0.2 | 23.00 | 148.00 | 171.00 | OK | |
r-oldrel-macos-arm64 | 2.4.0.2 | 89.00 | OK | |||
r-oldrel-macos-x86_64 | 2.4.0.2 | 136.00 | OK | |||
r-oldrel-windows-x86_64 | 2.4.0.2 | 30.00 | 198.00 | 228.00 | OK |
Version: 2.4.0.2
Check: dependencies in R code
Result: NOTE
Namespaces in Imports field not imported from:
‘ActCR’ ‘ActFrag’ ‘tidyr’
All declared Imports should be used.
Flavors: r-devel-linux-x86_64-fedora-clang, r-devel-linux-x86_64-fedora-gcc
These binaries (installable software) and packages are in development.
They may not be fully stable and should be used with caution. We make no claims about them.