CRAN Package Check Results for Package postGGIR

Last updated on 2025-07-23 11:50:30 CEST.

Flavor Version Tinstall Tcheck Ttotal Status Flags
r-devel-linux-x86_64-debian-clang 2.4.0.2 23.41 172.98 196.39 OK
r-devel-linux-x86_64-debian-gcc 2.4.0.2 18.34 123.47 141.81 OK
r-devel-linux-x86_64-fedora-clang 2.4.0.2 305.54 NOTE
r-devel-linux-x86_64-fedora-gcc 2.4.0.2 306.31 NOTE
r-devel-windows-x86_64 2.4.0.2 25.00 150.00 175.00 OK
r-patched-linux-x86_64 2.4.0.2 23.31 159.33 182.64 OK
r-release-linux-x86_64 2.4.0.2 22.44 161.13 183.57 OK
r-release-macos-arm64 2.4.0.2 92.00 OK
r-release-macos-x86_64 2.4.0.2 144.00 OK
r-release-windows-x86_64 2.4.0.2 24.00 155.00 179.00 OK
r-oldrel-macos-arm64 2.4.0.2 75.00 OK
r-oldrel-macos-x86_64 2.4.0.2 107.00 OK
r-oldrel-windows-x86_64 2.4.0.2 32.00 190.00 222.00 OK

Check Details

Version: 2.4.0.2
Check: dependencies in R code
Result: NOTE Namespaces in Imports field not imported from: ‘ActCR’ ‘ActFrag’ ‘tidyr’ All declared Imports should be used. Flavors: r-devel-linux-x86_64-fedora-clang, r-devel-linux-x86_64-fedora-gcc

These binaries (installable software) and packages are in development.
They may not be fully stable and should be used with caution. We make no claims about them.