Last updated on 2025-05-01 14:49:18 CEST.
Flavor | Version | Tinstall | Tcheck | Ttotal | Status | Flags |
---|---|---|---|---|---|---|
r-devel-linux-x86_64-debian-clang | 0.1.3 | 8.87 | 92.83 | 101.70 | NOTE | |
r-devel-linux-x86_64-debian-gcc | 0.1.3 | 5.89 | 65.99 | 71.88 | OK | |
r-devel-linux-x86_64-fedora-clang | 0.1.3 | 159.48 | OK | |||
r-devel-linux-x86_64-fedora-gcc | 0.1.3 | 170.04 | OK | |||
r-devel-windows-x86_64 | 0.1.3 | 10.00 | 106.00 | 116.00 | OK | |
r-patched-linux-x86_64 | 0.1.3 | 8.51 | 88.88 | 97.39 | OK | |
r-release-linux-x86_64 | OK | |||||
r-release-macos-arm64 | 0.1.3 | 58.00 | OK | |||
r-release-macos-x86_64 | 0.1.3 | 131.00 | OK | |||
r-release-windows-x86_64 | 0.1.3 | 10.00 | 105.00 | 115.00 | OK | |
r-oldrel-macos-arm64 | 0.1.3 | 50.00 | OK | |||
r-oldrel-macos-x86_64 | 0.1.3 | 80.00 | OK | |||
r-oldrel-windows-x86_64 | 0.1.3 | 11.00 | 131.00 | 142.00 | OK |
Version: 0.1.3
Check: examples
Result: NOTE
Examples with CPU (user + system) or elapsed time > 5s
user system elapsed
posthocKW 6.524 0.063 8.847
MedianBootCI 6.451 0.040 7.499
Flavor: r-devel-linux-x86_64-debian-clang
These binaries (installable software) and packages are in development.
They may not be fully stable and should be used with caution. We make no claims about them.