Last updated on 2025-05-01 17:56:12 CEST.
Flavor | Version | Tinstall | Tcheck | Ttotal | Status | Flags |
---|---|---|---|---|---|---|
r-devel-linux-x86_64-debian-clang | 0.3-0 | 13.36 | 126.96 | 140.32 | NOTE | |
r-devel-linux-x86_64-debian-gcc | 0.3-0 | 9.30 | 90.21 | 99.51 | OK | |
r-devel-linux-x86_64-fedora-clang | 0.3-0 | 235.31 | OK | |||
r-devel-linux-x86_64-fedora-gcc | 0.3-0 | 213.49 | OK | |||
r-devel-windows-x86_64 | 0.3-0 | 14.00 | 138.00 | 152.00 | OK | |
r-patched-linux-x86_64 | 0.3-0 | 13.80 | 119.52 | 133.32 | OK | |
r-release-linux-x86_64 | OK | |||||
r-release-macos-arm64 | 0.3-0 | 53.00 | OK | |||
r-release-macos-x86_64 | 0.3-0 | 113.00 | OK | |||
r-release-windows-x86_64 | 0.3-0 | 15.00 | 143.00 | 158.00 | OK | |
r-oldrel-macos-arm64 | 0.3-0 | 63.00 | OK | |||
r-oldrel-macos-x86_64 | 0.3-0 | 114.00 | OK | |||
r-oldrel-windows-x86_64 | 0.3-0 | 19.00 | 173.00 | 192.00 | OK |
Version: 0.3-0
Check: examples
Result: NOTE
Examples with CPU (user + system) or elapsed time > 5s
user system elapsed
Xu2018 7.645 0.199 10.532
loo 6.978 0.145 8.951
plot.loo.poth 6.933 0.090 8.656
subset.poth 6.542 0.015 9.003
Flavor: r-devel-linux-x86_64-debian-clang
Version: 0.3-0
Check: examples
Result: NA
user system elapsed
Xu2018 4.740 0.628 7.071
plot.loo.poth 4.161 0.119 5.490
subset.poth 4.006 0.083 5.222
OK
Flavor: r-devel-linux-x86_64-debian-gcc
These binaries (installable software) and packages are in development.
They may not be fully stable and should be used with caution. We make no claims about them.