CRAN Package Check Results for Package potts

Last updated on 2025-11-11 15:50:43 CET.

Flavor Version Tinstall Tcheck Ttotal Status Flags
r-devel-linux-x86_64-debian-clang 0.5-11 3.35 57.95 61.30 NOTE
r-devel-linux-x86_64-debian-gcc 0.5-11 2.51 37.97 40.48 NOTE
r-devel-linux-x86_64-fedora-clang 0.5-11 95.61 OK
r-devel-linux-x86_64-fedora-gcc 0.5-11 112.01 OK
r-devel-windows-x86_64 0.5-11 7.00 80.00 87.00 OK
r-patched-linux-x86_64 0.5-11 3.33 54.18 57.51 OK
r-release-linux-x86_64 0.5-11 2.92 54.59 57.51 OK
r-release-macos-arm64 0.5-11 3.00 34.00 37.00 OK
r-release-macos-x86_64 0.5-11 5.00 66.00 71.00 OK
r-release-windows-x86_64 0.5-11 6.00 79.00 85.00 OK
r-oldrel-macos-arm64 0.5-11 3.00 38.00 41.00 OK
r-oldrel-macos-x86_64 0.5-11 4.00 48.00 52.00 OK
r-oldrel-windows-x86_64 0.5-11 6.00 80.00 86.00 OK

Check Details

Version: 0.5-11
Check: CRAN incoming feasibility
Result: NOTE Maintainer: ‘Charles J. Geyer <charlie@stat.umn.edu>’ No Authors@R field in DESCRIPTION. Please add one, modifying Authors@R: c(person(given = c("Charles", "J."), family = "Geyer", role = c("aut", "cre"), email = "charlie@stat.umn.edu"), person(given = "Leif", family = "Johnson", role = "aut", email = "ltjohnson@google.com")) as necessary. Flavors: r-devel-linux-x86_64-debian-clang, r-devel-linux-x86_64-debian-gcc

These binaries (installable software) and packages are in development.
They may not be fully stable and should be used with caution. We make no claims about them.