Last updated on 2024-07-27 15:50:29 CEST.
Flavor | Version | Tinstall | Tcheck | Ttotal | Status | Flags |
---|---|---|---|---|---|---|
r-devel-linux-x86_64-debian-clang | 1.0.1 | 36.02 | 256.26 | 292.28 | OK | |
r-devel-linux-x86_64-debian-gcc | 1.0.1 | NOTE | ||||
r-devel-linux-x86_64-fedora-clang | 1.0.1 | 383.07 | NOTE | |||
r-devel-linux-x86_64-fedora-gcc | 1.0.1 | 372.03 | NOTE | |||
r-devel-windows-x86_64 | 1.0.1 | 29.00 | 190.00 | 219.00 | NOTE | |
r-patched-linux-x86_64 | 1.0.1 | OK | ||||
r-release-linux-x86_64 | 1.0.1 | 21.72 | 250.30 | 272.02 | OK | |
r-release-macos-arm64 | 1.0.1 | 91.00 | OK | |||
r-release-macos-x86_64 | 1.0.1 | 149.00 | OK | |||
r-release-windows-x86_64 | 1.0.1 | 29.00 | 195.00 | 224.00 | OK | |
r-oldrel-macos-arm64 | 1.0.1 | 92.00 | OK | |||
r-oldrel-macos-x86_64 | 1.0.1 | 197.00 | OK | |||
r-oldrel-windows-x86_64 | 1.0.1 | 40.00 | 243.00 | 283.00 | OK |
Version: 1.0.1
Check: Rd cross-references
Result: NOTE
Found the following Rd file(s) with Rd \link{} targets missing package
anchors:
ebp.Rd: nlme
write.excel.Rd: openxlsx
Please provide package anchors for all Rd \link{} targets not in the
package itself and the base packages.
Flavors: r-devel-linux-x86_64-debian-gcc, r-devel-windows-x86_64
Version: 1.0.1
Check: Rd cross-references
Result: NOTE
Undeclared package ‘emdi’ in Rd xrefs
Flavor: r-devel-linux-x86_64-fedora-clang
Version: 1.0.1
Check: data for non-ASCII characters
Result: NOTE
Note: found 3208 marked UTF-8 strings
Flavors: r-devel-linux-x86_64-fedora-clang, r-devel-linux-x86_64-fedora-gcc
These binaries (installable software) and packages are in development.
They may not be fully stable and should be used with caution. We make no claims about them.