Last updated on 2025-07-26 01:51:00 CEST.
Flavor | Version | Tinstall | Tcheck | Ttotal | Status | Flags |
---|---|---|---|---|---|---|
r-devel-linux-x86_64-debian-clang | 1.0.1 | 31.85 | 206.82 | 238.67 | NOTE | |
r-devel-linux-x86_64-debian-gcc | 1.0.1 | 21.91 | 141.09 | 163.00 | NOTE | |
r-devel-linux-x86_64-fedora-clang | 1.0.1 | 371.17 | OK | |||
r-devel-linux-x86_64-fedora-gcc | 1.0.1 | 374.50 | OK | |||
r-devel-windows-x86_64 | 1.0.1 | 28.00 | 197.00 | 225.00 | NOTE | |
r-patched-linux-x86_64 | 1.0.1 | 28.26 | 195.97 | 224.23 | NOTE | |
r-release-linux-x86_64 | 1.0.1 | 27.01 | 194.30 | 221.31 | NOTE | |
r-release-macos-arm64 | 1.0.1 | 90.00 | OK | |||
r-release-macos-x86_64 | 1.0.1 | 204.00 | OK | |||
r-release-windows-x86_64 | 1.0.1 | 27.00 | 195.00 | 222.00 | NOTE | |
r-oldrel-macos-arm64 | 1.0.1 | 91.00 | OK | |||
r-oldrel-macos-x86_64 | 1.0.1 | 149.00 | OK | |||
r-oldrel-windows-x86_64 | 1.0.1 | 40.00 | 252.00 | 292.00 | OK |
Version: 1.0.1
Check: Rd cross-references
Result: NOTE
Found the following Rd file(s) with Rd \link{} targets missing package
anchors:
ebp.Rd: nlme
write.excel.Rd: openxlsx
Please provide package anchors for all Rd \link{} targets not in the
package itself and the base packages.
Flavors: r-devel-linux-x86_64-debian-clang, r-devel-linux-x86_64-debian-gcc, r-devel-windows-x86_64, r-patched-linux-x86_64, r-release-linux-x86_64, r-release-windows-x86_64
These binaries (installable software) and packages are in development.
They may not be fully stable and should be used with caution. We make no claims about them.