Last updated on 2025-11-13 21:50:05 CET.
| Flavor | Version | Tinstall | Tcheck | Ttotal | Status | Flags |
|---|---|---|---|---|---|---|
| r-devel-linux-x86_64-debian-clang | 0.2.1 | 4.78 | 299.32 | 304.10 | NOTE | |
| r-devel-linux-x86_64-debian-gcc | 0.2.1 | 3.78 | 178.46 | 182.24 | NOTE | |
| r-devel-linux-x86_64-fedora-clang | 0.2.1 | 45.00 | 499.15 | 544.15 | NOTE | |
| r-devel-linux-x86_64-fedora-gcc | 0.2.1 | 10.00 | 536.59 | 546.59 | NOTE | |
| r-devel-windows-x86_64 | 0.2.1 | 8.00 | 216.00 | 224.00 | NOTE | |
| r-patched-linux-x86_64 | 0.2.1 | 4.35 | 275.95 | 280.30 | NOTE | |
| r-release-linux-x86_64 | 0.2.1 | 5.26 | 276.76 | 282.02 | NOTE | |
| r-release-macos-arm64 | 0.2.1 | 2.00 | 90.00 | 92.00 | NOTE | |
| r-release-macos-x86_64 | 0.2.1 | 4.00 | 237.00 | 241.00 | NOTE | |
| r-release-windows-x86_64 | 0.2.1 | 7.00 | 218.00 | 225.00 | NOTE | |
| r-oldrel-macos-arm64 | 0.2.1 | 3.00 | 115.00 | 118.00 | OK | |
| r-oldrel-macos-x86_64 | 0.2.1 | 4.00 | 227.00 | 231.00 | OK | |
| r-oldrel-windows-x86_64 | 0.2.1 | 10.00 | 442.00 | 452.00 | OK |
Version: 0.2.1
Check: DESCRIPTION meta-information
Result: NOTE
Missing dependency on R >= 4.1.0 because package code uses the pipe
|> or function shorthand \(...) syntax added in R 4.1.0.
File(s) using such syntax:
‘save.R’
Flavors: r-devel-linux-x86_64-debian-clang, r-devel-linux-x86_64-debian-gcc, r-devel-linux-x86_64-fedora-clang, r-devel-linux-x86_64-fedora-gcc, r-devel-windows-x86_64, r-patched-linux-x86_64, r-release-linux-x86_64, r-release-macos-arm64, r-release-macos-x86_64, r-release-windows-x86_64
These binaries (installable software) and packages are in development.
They may not be fully stable and should be used with caution. We make no claims about them.