Last updated on 2025-02-19 17:51:00 CET.
Flavor | Version | Tinstall | Tcheck | Ttotal | Status | Flags |
---|---|---|---|---|---|---|
r-devel-linux-x86_64-debian-clang | 0.2.1 | 5.25 | 288.33 | 293.58 | NOTE | |
r-devel-linux-x86_64-debian-gcc | 0.2.1 | 3.62 | 168.25 | 171.87 | NOTE | |
r-devel-linux-x86_64-fedora-clang | 0.2.1 | 557.70 | NOTE | |||
r-devel-linux-x86_64-fedora-gcc | 0.2.1 | 530.43 | NOTE | |||
r-devel-macos-arm64 | 0.2.1 | 121.00 | OK | |||
r-devel-macos-x86_64 | 0.2.1 | 308.00 | NOTE | |||
r-devel-windows-x86_64 | 0.2.1 | 7.00 | 293.00 | 300.00 | NOTE | |
r-patched-linux-x86_64 | 0.2.1 | 5.65 | 263.96 | 269.61 | OK | |
r-release-linux-x86_64 | 0.2.1 | 5.19 | 267.38 | 272.57 | OK | |
r-release-macos-arm64 | 0.2.1 | 118.00 | OK | |||
r-release-macos-x86_64 | 0.2.1 | 231.00 | OK | |||
r-release-windows-x86_64 | 0.2.1 | 8.00 | 298.00 | 306.00 | OK | |
r-oldrel-macos-arm64 | 0.2.1 | 117.00 | OK | |||
r-oldrel-macos-x86_64 | 0.2.1 | 244.00 | OK | |||
r-oldrel-windows-x86_64 | 0.2.1 | 9.00 | 394.00 | 403.00 | OK |
Version: 0.2.1
Check: DESCRIPTION meta-information
Result: NOTE
Missing dependency on R >= 4.1.0 because package code uses the pipe
|> or function shorthand \(...) syntax added in R 4.1.0.
File(s) using such syntax:
‘save.R’
Flavors: r-devel-linux-x86_64-debian-clang, r-devel-linux-x86_64-debian-gcc, r-devel-linux-x86_64-fedora-clang, r-devel-linux-x86_64-fedora-gcc, r-devel-macos-x86_64, r-devel-windows-x86_64
These binaries (installable software) and packages are in development.
They may not be fully stable and should be used with caution. We make no claims about them.