Last updated on 2025-02-16 08:50:57 CET.
Flavor | Version | Tinstall | Tcheck | Ttotal | Status | Flags |
---|---|---|---|---|---|---|
r-devel-linux-x86_64-debian-clang | 1.3.0 | 8.40 | 202.63 | 211.03 | OK | |
r-devel-linux-x86_64-debian-gcc | 1.3.0 | 5.49 | 136.93 | 142.42 | OK | |
r-devel-linux-x86_64-fedora-clang | 1.3.0 | 355.96 | OK | |||
r-devel-linux-x86_64-fedora-gcc | 1.3.0 | 358.81 | OK | |||
r-devel-macos-arm64 | 1.3.0 | 93.00 | OK | |||
r-devel-macos-x86_64 | 1.3.0 | 173.00 | OK | |||
r-devel-windows-x86_64 | 1.3.0 | 12.00 | 191.00 | 203.00 | OK | |
r-patched-linux-x86_64 | 1.3.0 | 10.04 | 188.32 | 198.36 | OK | |
r-release-linux-x86_64 | 1.3.0 | 7.91 | 188.90 | 196.81 | OK | |
r-release-macos-arm64 | 1.3.0 | 85.00 | NOTE | |||
r-release-macos-x86_64 | 1.3.0 | 137.00 | OK | |||
r-release-windows-x86_64 | 1.3.0 | 12.00 | 197.00 | 209.00 | OK | |
r-oldrel-macos-arm64 | 1.3.0 | 97.00 | OK | |||
r-oldrel-macos-x86_64 | 1.3.0 | 155.00 | OK | |||
r-oldrel-windows-x86_64 | 1.3.0 | 15.00 | 215.00 | 230.00 | OK |
Version: 1.3.0
Check: installed package size
Result: NOTE
installed size is 5.0Mb
sub-directories of 1Mb or more:
data 1.1Mb
doc 3.0Mb
Flavor: r-release-macos-arm64
These binaries (installable software) and packages are in development.
They may not be fully stable and should be used with caution. We make no claims about them.