Last updated on 2025-10-23 11:50:23 CEST.
Flavor | Version | Tinstall | Tcheck | Ttotal | Status | Flags |
---|---|---|---|---|---|---|
r-devel-linux-x86_64-debian-clang | 1.0.0 | 7.17 | 132.45 | 139.62 | NOTE | |
r-devel-linux-x86_64-debian-gcc | 1.0.0 | 5.26 | 96.41 | 101.67 | OK | |
r-devel-linux-x86_64-fedora-clang | 1.0.0 | 16.00 | 183.39 | 199.39 | OK | |
r-devel-linux-x86_64-fedora-gcc | 1.0.0 | 14.00 | 197.25 | 211.25 | OK | |
r-devel-windows-x86_64 | 1.0.0 | 7.00 | 214.00 | 221.00 | OK | |
r-patched-linux-x86_64 | 1.0.0 | 7.18 | 127.92 | 135.10 | OK | |
r-release-linux-x86_64 | 1.0.0 | 7.10 | 128.26 | 135.36 | OK | |
r-release-macos-arm64 | 1.0.0 | 3.00 | 79.00 | 82.00 | OK | |
r-release-macos-x86_64 | 1.0.0 | 13.00 | 219.00 | 232.00 | OK | |
r-release-windows-x86_64 | 1.0.0 | 10.00 | 229.00 | 239.00 | OK | |
r-oldrel-macos-arm64 | 1.0.0 | 3.00 | 97.00 | 100.00 | OK | |
r-oldrel-macos-x86_64 | 1.0.0 | 6.00 | 231.00 | 237.00 | OK | |
r-oldrel-windows-x86_64 | 1.0.0 | 10.00 | 238.00 | 248.00 | OK |
Version: 1.0.0
Check: HTML version of manual
Result: NOTE
Found the following HTML validation problems:
plot.bs_xmin.html:63:1 (plot.bs_xmin.Rd:21): Warning: missing </ul> before </div>
show-distribution-method.html:49:1 (show-distribution-method.Rd:10): Warning: missing </ul> before </div>
Flavor: r-devel-linux-x86_64-debian-clang
These binaries (installable software) and packages are in development.
They may not be fully stable and should be used with caution. We make no claims about them.