CRAN Package Check Results for Package powerCompRisk

Last updated on 2025-02-19 17:51:00 CET.

Flavor Version Tinstall Tcheck Ttotal Status Flags
r-devel-linux-x86_64-debian-clang 1.0.1 1.85 16.53 18.38 OK
r-devel-linux-x86_64-debian-gcc 1.0.1 1.46 13.85 15.31 OK
r-devel-linux-x86_64-fedora-clang 1.0.1 29.47 OK
r-devel-linux-x86_64-fedora-gcc 1.0.1 27.61 OK
r-devel-macos-arm64 1.0.1 14.00 OK
r-devel-macos-x86_64 1.0.1 22.00 OK
r-devel-windows-x86_64 1.0.1 3.00 40.00 43.00 OK
r-patched-linux-x86_64 1.0.1 1.40 15.82 17.22 NOTE
r-release-linux-x86_64 1.0.1 1.63 16.01 17.64 NOTE
r-release-macos-arm64 1.0.1 14.00 NOTE
r-release-macos-x86_64 1.0.1 19.00 NOTE
r-release-windows-x86_64 1.0.1 3.00 38.00 41.00 NOTE
r-oldrel-macos-arm64 1.0.1 17.00 NOTE
r-oldrel-macos-x86_64 1.0.1 20.00 NOTE
r-oldrel-windows-x86_64 1.0.1 3.00 37.00 40.00 NOTE

Check Details

Version: 1.0.1
Check: LazyData
Result: NOTE 'LazyData' is specified without a 'data' directory Flavors: r-patched-linux-x86_64, r-release-linux-x86_64, r-release-macos-arm64, r-release-macos-x86_64, r-release-windows-x86_64, r-oldrel-macos-arm64, r-oldrel-macos-x86_64, r-oldrel-windows-x86_64

These binaries (installable software) and packages are in development.
They may not be fully stable and should be used with caution. We make no claims about them.