Last updated on 2025-05-01 15:49:40 CEST.
Flavor | Version | Tinstall | Tcheck | Ttotal | Status | Flags |
---|---|---|---|---|---|---|
r-devel-linux-x86_64-debian-clang | 0.3.4 | 2.79 | 75.00 | 77.79 | NOTE | |
r-devel-linux-x86_64-debian-gcc | 0.3.4 | 1.87 | 56.86 | 58.73 | NOTE | |
r-devel-linux-x86_64-fedora-clang | 0.3.4 | 119.10 | OK | |||
r-devel-linux-x86_64-fedora-gcc | 0.3.4 | 117.93 | OK | |||
r-devel-windows-x86_64 | 0.3.4 | 8.00 | 88.00 | 96.00 | OK | |
r-patched-linux-x86_64 | 0.3.4 | 2.79 | 72.08 | 74.87 | OK | |
r-release-linux-x86_64 | OK | |||||
r-release-macos-arm64 | 0.3.4 | 43.00 | OK | |||
r-release-macos-x86_64 | 0.3.4 | 81.00 | OK | |||
r-release-windows-x86_64 | 0.3.4 | 9.00 | 88.00 | 97.00 | OK | |
r-oldrel-macos-arm64 | 0.3.4 | 38.00 | OK | |||
r-oldrel-macos-x86_64 | 0.3.4 | 61.00 | OK | |||
r-oldrel-windows-x86_64 | 0.3.4 | 10.00 | 106.00 | 116.00 | OK |
Version: 0.3.4
Check: CRAN incoming feasibility
Result: NOTE
Maintainer: ‘Weiliang Qiu <weiliang.qiu@gmail.com>’
The URL field contains the following bad parts:
and
The URL field should be a list of URLs separated by commas or
whitespace.
Flavors: r-devel-linux-x86_64-debian-clang, r-devel-linux-x86_64-debian-gcc
These binaries (installable software) and packages are in development.
They may not be fully stable and should be used with caution. We make no claims about them.