Last updated on 2025-02-16 08:50:57 CET.
Flavor | Version | Tinstall | Tcheck | Ttotal | Status | Flags |
---|---|---|---|---|---|---|
r-devel-linux-x86_64-debian-clang | 0.1.2 | 7.65 | 162.39 | 170.04 | NOTE | |
r-devel-linux-x86_64-debian-gcc | 0.1.2 | 5.18 | 111.65 | 116.83 | NOTE | |
r-devel-linux-x86_64-fedora-clang | 0.1.2 | 277.32 | NOTE | |||
r-devel-linux-x86_64-fedora-gcc | 0.1.2 | 266.14 | NOTE | |||
r-devel-macos-arm64 | 0.1.2 | 78.00 | OK | |||
r-devel-macos-x86_64 | 0.1.2 | 167.00 | NOTE | |||
r-devel-windows-x86_64 | 0.1.2 | 9.00 | 156.00 | 165.00 | NOTE | |
r-patched-linux-x86_64 | 0.1.2 | 7.77 | 148.46 | 156.23 | OK | |
r-release-linux-x86_64 | 0.1.2 | 6.66 | 149.85 | 156.51 | OK | |
r-release-macos-arm64 | 0.1.2 | 79.00 | OK | |||
r-release-macos-x86_64 | 0.1.2 | 140.00 | OK | |||
r-release-windows-x86_64 | 0.1.2 | 11.00 | 157.00 | 168.00 | OK | |
r-oldrel-macos-arm64 | 0.1.2 | 84.00 | OK | |||
r-oldrel-macos-x86_64 | 0.1.2 | 144.00 | OK | |||
r-oldrel-windows-x86_64 | 0.1.2 | 12.00 | 206.00 | 218.00 | OK |
Version: 0.1.2
Check: DESCRIPTION meta-information
Result: NOTE
Missing dependency on R >= 4.1.0 because package code uses the pipe
|> or function shorthand \(...) syntax added in R 4.1.0.
File(s) using such syntax:
‘FSR.R’ ‘SR.R’ ‘helper_functions_model.R’ ‘plot.powerNLSEM.R’
‘smart_search.R’
Flavors: r-devel-linux-x86_64-debian-clang, r-devel-linux-x86_64-debian-gcc, r-devel-linux-x86_64-fedora-clang, r-devel-linux-x86_64-fedora-gcc, r-devel-macos-x86_64, r-devel-windows-x86_64
These binaries (installable software) and packages are in development.
They may not be fully stable and should be used with caution. We make no claims about them.