Last updated on 2025-10-23 11:50:23 CEST.
Flavor | Version | Tinstall | Tcheck | Ttotal | Status | Flags |
---|---|---|---|---|---|---|
r-devel-linux-x86_64-debian-clang | 1.0.0 | 16.89 | 130.02 | 146.91 | OK | |
r-devel-linux-x86_64-debian-gcc | 1.0.0 | 12.66 | 93.68 | 106.34 | OK | |
r-devel-linux-x86_64-fedora-clang | 1.0.0 | 37.00 | 186.44 | 223.44 | OK | |
r-devel-linux-x86_64-fedora-gcc | 1.0.0 | 35.00 | 175.16 | 210.16 | OK | |
r-devel-windows-x86_64 | 1.0.0 | 16.00 | 122.00 | 138.00 | OK | |
r-patched-linux-x86_64 | 1.0.0 | 15.93 | 118.38 | 134.31 | OK | |
r-release-linux-x86_64 | 1.0.0 | 13.59 | 118.36 | 131.95 | OK | |
r-release-macos-arm64 | 1.0.0 | 7.00 | 48.00 | 55.00 | OK | |
r-release-macos-x86_64 | 1.0.0 | 15.00 | 114.00 | 129.00 | OK | |
r-release-windows-x86_64 | 1.0.0 | 16.00 | 123.00 | 139.00 | OK | |
r-oldrel-macos-arm64 | 1.0.0 | 6.00 | 49.00 | 55.00 | NOTE | |
r-oldrel-macos-x86_64 | 1.0.0 | 18.00 | 118.00 | 136.00 | NOTE | |
r-oldrel-windows-x86_64 | 1.0.0 | 24.00 | 155.00 | 179.00 | OK |
Version: 1.0.0
Check: package dependencies
Result: NOTE
Package suggested but not available for checking: ‘INLA’
Flavors: r-oldrel-macos-arm64, r-oldrel-macos-x86_64
These binaries (installable software) and packages are in development.
They may not be fully stable and should be used with caution. We make no claims about them.