CRAN Package Check Results for Package powerbydesign

Last updated on 2025-07-24 03:50:07 CEST.

Flavor Version Tinstall Tcheck Ttotal Status Flags
r-devel-linux-x86_64-debian-clang 1.0.5 1.65 24.53 26.18 OK
r-devel-linux-x86_64-debian-gcc 1.0.5 1.48 19.77 21.25 OK
r-devel-linux-x86_64-fedora-clang 1.0.5 39.74 OK
r-devel-linux-x86_64-fedora-gcc 1.0.5 38.04 OK
r-devel-windows-x86_64 1.0.5 4.00 51.00 55.00 OK
r-patched-linux-x86_64 1.0.5 2.01 22.87 24.88 OK
r-release-linux-x86_64 1.0.5 2.01 22.57 24.58 OK
r-release-macos-arm64 1.0.5 18.00 OK
r-release-macos-x86_64 1.0.5 30.00 OK
r-release-windows-x86_64 1.0.5 4.00 51.00 55.00 OK
r-oldrel-macos-arm64 1.0.5 19.00 NOTE
r-oldrel-macos-x86_64 1.0.5 27.00 NOTE
r-oldrel-windows-x86_64 1.0.5 5.00 53.00 58.00 NOTE

Check Details

Version: 1.0.5
Check: LazyData
Result: NOTE 'LazyData' is specified without a 'data' directory Flavors: r-oldrel-macos-arm64, r-oldrel-macos-x86_64, r-oldrel-windows-x86_64

These binaries (installable software) and packages are in development.
They may not be fully stable and should be used with caution. We make no claims about them.