CRAN Package Check Results for Package powerly

Last updated on 2025-05-08 04:52:14 CEST.

Flavor Version Tinstall Tcheck Ttotal Status Flags
r-devel-linux-x86_64-debian-clang 1.8.6 29.48 161.26 190.74 NOTE
r-devel-linux-x86_64-debian-gcc 1.8.6 18.85 112.56 131.41 NOTE
r-devel-linux-x86_64-fedora-clang 1.8.6 285.06 OK
r-devel-linux-x86_64-fedora-gcc 1.8.6 277.45 OK
r-devel-windows-x86_64 1.8.6 30.00 167.00 197.00 NOTE
r-patched-linux-x86_64 1.8.6 28.29 150.24 178.53 NOTE
r-release-linux-x86_64 1.8.6 26.73 149.71 176.44 NOTE
r-release-macos-arm64 1.8.6 82.00 OK
r-release-macos-x86_64 1.8.6 149.00 OK
r-release-windows-x86_64 1.8.6 29.00 168.00 197.00 NOTE
r-oldrel-macos-arm64 1.8.6 56.00 OK
r-oldrel-macos-x86_64 1.8.6 125.00 OK
r-oldrel-windows-x86_64 1.8.6 40.00 215.00 255.00 OK

Check Details

Version: 1.8.6
Check: CRAN incoming feasibility
Result: NOTE Maintainer: ‘Mihai Constantin <mihai@mihaiconstantin.com>’ Package CITATION file contains call(s) to old-style personList() or as.personList(). Please use c() on person objects instead. Package CITATION file contains call(s) to old-style citEntry(). Please use bibentry() instead. Flavors: r-devel-linux-x86_64-debian-clang, r-devel-linux-x86_64-debian-gcc

Version: 1.8.6
Check: Rd cross-references
Result: NOTE Found the following Rd file(s) with Rd \link{} targets missing package anchors: plot.Method.Rd: patchwork plot.StepOne.Rd: patchwork plot.StepThree.Rd: patchwork plot.StepTwo.Rd: patchwork plot.Validation.Rd: patchwork Please provide package anchors for all Rd \link{} targets not in the package itself and the base packages. Flavors: r-devel-linux-x86_64-debian-clang, r-devel-linux-x86_64-debian-gcc, r-devel-windows-x86_64, r-patched-linux-x86_64, r-release-linux-x86_64, r-release-windows-x86_64

These binaries (installable software) and packages are in development.
They may not be fully stable and should be used with caution. We make no claims about them.