Last updated on 2024-07-27 15:50:29 CEST.
Flavor | Version | Tinstall | Tcheck | Ttotal | Status | Flags |
---|---|---|---|---|---|---|
r-devel-linux-x86_64-debian-clang | 1.8.6 | 23.21 | 211.23 | 234.44 | OK | |
r-devel-linux-x86_64-debian-gcc | 1.8.6 | NOTE | ||||
r-devel-linux-x86_64-fedora-clang | 1.8.6 | 280.59 | OK | |||
r-devel-linux-x86_64-fedora-gcc | 1.8.6 | 289.73 | OK | |||
r-devel-windows-x86_64 | 1.8.6 | 27.00 | 166.00 | 193.00 | NOTE | |
r-patched-linux-x86_64 | 1.8.6 | OK | ||||
r-release-linux-x86_64 | 1.8.6 | 28.62 | 191.43 | 220.05 | OK | |
r-release-macos-arm64 | 1.8.6 | 56.00 | OK | |||
r-release-macos-x86_64 | 1.8.6 | 125.00 | OK | |||
r-release-windows-x86_64 | 1.8.6 | 26.00 | 166.00 | 192.00 | OK | |
r-oldrel-macos-arm64 | 1.8.6 | 54.00 | OK | |||
r-oldrel-macos-x86_64 | 1.8.6 | 92.00 | OK | |||
r-oldrel-windows-x86_64 | 1.8.6 | 25.00 | 211.00 | 236.00 | OK |
Version: 1.8.6
Check: Rd cross-references
Result: NOTE
Found the following Rd file(s) with Rd \link{} targets missing package
anchors:
plot.Method.Rd: patchwork
plot.StepOne.Rd: patchwork
plot.StepThree.Rd: patchwork
plot.StepTwo.Rd: patchwork
plot.Validation.Rd: patchwork
Please provide package anchors for all Rd \link{} targets not in the
package itself and the base packages.
Flavors: r-devel-linux-x86_64-debian-gcc, r-devel-windows-x86_64
These binaries (installable software) and packages are in development.
They may not be fully stable and should be used with caution. We make no claims about them.