Last updated on 2025-11-11 15:50:43 CET.
| Flavor | Version | Tinstall | Tcheck | Ttotal | Status | Flags |
|---|---|---|---|---|---|---|
| r-devel-linux-x86_64-debian-clang | 1.2 | 4.90 | 21.54 | 26.44 | NOTE | |
| r-devel-linux-x86_64-debian-gcc | 1.2 | 4.00 | 17.27 | 21.27 | NOTE | |
| r-devel-linux-x86_64-fedora-clang | 1.2 | 38.59 | OK | |||
| r-devel-linux-x86_64-fedora-gcc | 1.2 | 10.00 | 26.74 | 36.74 | OK | |
| r-devel-windows-x86_64 | 1.2 | 12.00 | 41.00 | 53.00 | OK | |
| r-patched-linux-x86_64 | 1.2 | 4.26 | 20.33 | 24.59 | OK | |
| r-release-linux-x86_64 | 1.2 | 4.21 | 20.27 | 24.48 | OK | |
| r-release-macos-arm64 | 1.2 | 4.00 | 14.00 | 18.00 | OK | |
| r-release-macos-x86_64 | 1.2 | 5.00 | 27.00 | 32.00 | OK | |
| r-release-windows-x86_64 | 1.2 | 11.00 | 42.00 | 53.00 | OK | |
| r-oldrel-macos-arm64 | 1.2 | 6.00 | 19.00 | 25.00 | OK | |
| r-oldrel-macos-x86_64 | 1.2 | 4.00 | 19.00 | 23.00 | OK | |
| r-oldrel-windows-x86_64 | 1.2 | 15.00 | 49.00 | 64.00 | OK |
Version: 1.2
Check: CRAN incoming feasibility
Result: NOTE
Maintainer: ‘Thorsten Pohlert <thorsten.pohlert@gmx.de>’
No Authors@R field in DESCRIPTION.
Please add one, modifying
Authors@R: person(given = "Thorsten",
family = "Pohlert",
role = c("aut", "cre"),
email = "thorsten.pohlert@gmx.de")
as necessary.
Flavors: r-devel-linux-x86_64-debian-clang, r-devel-linux-x86_64-debian-gcc
These binaries (installable software) and packages are in development.
They may not be fully stable and should be used with caution. We make no claims about them.