Last updated on 2025-05-01 12:49:37 CEST.
Flavor | Version | Tinstall | Tcheck | Ttotal | Status | Flags |
---|---|---|---|---|---|---|
r-devel-linux-x86_64-debian-clang | 1.1.0.1 | 8.06 | 165.43 | 173.49 | NOTE | |
r-devel-linux-x86_64-debian-gcc | 1.1.0.1 | 5.89 | 110.63 | 116.52 | NOTE | |
r-devel-linux-x86_64-fedora-clang | 1.1.0.1 | 273.58 | OK | |||
r-devel-linux-x86_64-fedora-gcc | 1.1.0.1 | 275.53 | OK | |||
r-devel-windows-x86_64 | 1.1.0.1 | 10.00 | 160.00 | 170.00 | OK | |
r-patched-linux-x86_64 | 1.1.0.1 | 9.95 | 157.57 | 167.52 | OK | |
r-release-linux-x86_64 | OK | |||||
r-release-macos-arm64 | 1.1.0.1 | 75.00 | OK | |||
r-release-macos-x86_64 | 1.1.0.1 | 138.00 | OK | |||
r-release-windows-x86_64 | 1.1.0.1 | 10.00 | 163.00 | 173.00 | OK | |
r-oldrel-macos-arm64 | 1.1.0.1 | 63.00 | NOTE | |||
r-oldrel-macos-x86_64 | 1.1.0.1 | 127.00 | NOTE | |||
r-oldrel-windows-x86_64 | 1.1.0.1 | 13.00 | 192.00 | 205.00 | NOTE |
Version: 1.1.0.1
Check: CRAN incoming feasibility
Result: NOTE
Maintainer: ‘Zeynel Cebeci <zcebeci@cukurova.edu.tr>’
Package CITATION file contains call(s) to old-style citEntry(). Please
use bibentry() instead.
Flavors: r-devel-linux-x86_64-debian-clang, r-devel-linux-x86_64-debian-gcc
Version: 1.1.0.1
Check: installed package size
Result: NOTE
installed size is 6.7Mb
sub-directories of 1Mb or more:
doc 6.2Mb
Flavors: r-oldrel-macos-arm64, r-oldrel-macos-x86_64, r-oldrel-windows-x86_64
These binaries (installable software) and packages are in development.
They may not be fully stable and should be used with caution. We make no claims about them.