Last updated on 2025-05-08 04:52:14 CEST.
Flavor | Version | Tinstall | Tcheck | Ttotal | Status | Flags |
---|---|---|---|---|---|---|
r-devel-linux-x86_64-debian-clang | 1.1 | 30.47 | 160.44 | 190.91 | OK | |
r-devel-linux-x86_64-debian-gcc | 1.1 | 21.23 | 116.13 | 137.36 | OK | |
r-devel-linux-x86_64-fedora-clang | 1.1 | 297.04 | OK | |||
r-devel-linux-x86_64-fedora-gcc | 1.1 | 313.74 | OK | |||
r-devel-windows-x86_64 | 1.1 | 32.00 | 284.00 | 316.00 | OK | |
r-patched-linux-x86_64 | 1.1 | 29.61 | 151.32 | 180.93 | OK | |
r-release-linux-x86_64 | 1.1 | 27.93 | 153.30 | 181.23 | OK | |
r-release-macos-arm64 | 1.1 | 412.00 | OK | |||
r-release-macos-x86_64 | 1.1 | 713.00 | OK | |||
r-release-windows-x86_64 | 1.1 | 32.00 | 292.00 | 324.00 | OK | |
r-oldrel-macos-arm64 | 1.1 | 215.00 | OK | |||
r-oldrel-macos-x86_64 | 1.1 | 411.00 | NOTE | |||
r-oldrel-windows-x86_64 | 1.1 | 39.00 | 374.00 | 413.00 | OK |
Version: 1.1
Check: installed package size
Result: NOTE
installed size is 5.0Mb
sub-directories of 1Mb or more:
data 3.6Mb
doc 1.1Mb
Flavor: r-oldrel-macos-x86_64
These binaries (installable software) and packages are in development.
They may not be fully stable and should be used with caution. We make no claims about them.