CRAN Package Check Results for Package ppgm

Last updated on 2025-10-23 09:50:55 CEST.

Flavor Version Tinstall Tcheck Ttotal Status Flags
r-devel-linux-x86_64-debian-clang 1.1 28.30 163.76 192.06 OK
r-devel-linux-x86_64-debian-gcc 1.1 22.77 122.65 145.42 OK
r-devel-linux-x86_64-fedora-clang 1.1 65.00 237.79 302.79 OK
r-devel-linux-x86_64-fedora-gcc 1.1 72.00 242.99 314.99 OK
r-devel-windows-x86_64 1.1 30.00 285.00 315.00 OK
r-patched-linux-x86_64 1.1 30.49 156.05 186.54 OK
r-release-linux-x86_64 1.1 30.11 155.04 185.15 OK
r-release-macos-arm64 1.1 18.00 394.00 412.00 OK
r-release-macos-x86_64 1.1 48.00 665.00 713.00 OK
r-release-windows-x86_64 1.1 32.00 291.00 323.00 OK
r-oldrel-macos-arm64 1.1 18.00 197.00 215.00 OK
r-oldrel-macos-x86_64 1.1 40.00 371.00 411.00 NOTE
r-oldrel-windows-x86_64 1.1 40.00 387.00 427.00 OK

Check Details

Version: 1.1
Check: installed package size
Result: NOTE installed size is 5.0Mb sub-directories of 1Mb or more: data 3.6Mb doc 1.1Mb Flavor: r-oldrel-macos-x86_64

These binaries (installable software) and packages are in development.
They may not be fully stable and should be used with caution. We make no claims about them.