Last updated on 2025-04-16 00:49:48 CEST.
Flavor | Version | Tinstall | Tcheck | Ttotal | Status | Flags |
---|---|---|---|---|---|---|
r-devel-linux-x86_64-debian-clang | 1.1 | 29.21 | 158.63 | 187.84 | OK | |
r-devel-linux-x86_64-debian-gcc | 1.1 | 21.09 | 112.16 | 133.25 | OK | |
r-devel-linux-x86_64-fedora-clang | 1.1 | 297.04 | OK | |||
r-devel-linux-x86_64-fedora-gcc | 1.1 | 306.55 | OK | |||
r-devel-windows-x86_64 | 1.1 | 31.00 | 288.00 | 319.00 | OK | |
r-patched-linux-x86_64 | 1.1 | 28.01 | 153.25 | 181.26 | OK | |
r-release-linux-x86_64 | 1.1 | 29.09 | 151.35 | 180.44 | OK | |
r-release-macos-arm64 | 1.1 | 412.00 | OK | |||
r-release-macos-x86_64 | 1.1 | 713.00 | OK | |||
r-release-windows-x86_64 | 1.1 | 30.00 | 287.00 | 317.00 | OK | |
r-oldrel-macos-arm64 | 1.1 | 215.00 | OK | |||
r-oldrel-macos-x86_64 | 1.1 | 411.00 | NOTE | |||
r-oldrel-windows-x86_64 | 1.1 | 39.00 | 384.00 | 423.00 | OK |
Version: 1.1
Check: installed package size
Result: NOTE
installed size is 5.0Mb
sub-directories of 1Mb or more:
data 3.6Mb
doc 1.1Mb
Flavor: r-oldrel-macos-x86_64
These binaries (installable software) and packages are in development.
They may not be fully stable and should be used with caution. We make no claims about them.