Last updated on 2025-11-12 23:50:54 CET.
| Flavor | Version | Tinstall | Tcheck | Ttotal | Status | Flags |
|---|---|---|---|---|---|---|
| r-devel-linux-x86_64-debian-clang | 1.3.1 | 32.82 | 102.23 | 135.05 | OK | |
| r-devel-linux-x86_64-debian-gcc | 1.3.1 | 20.28 | 67.51 | 87.79 | OK | |
| r-devel-linux-x86_64-fedora-clang | 1.3.1 | 105.00 | 117.56 | 222.56 | OK | |
| r-devel-linux-x86_64-fedora-gcc | 1.3.1 | 70.00 | 138.29 | 208.29 | OK | |
| r-devel-windows-x86_64 | 1.3.1 | 40.00 | 114.00 | 154.00 | OK | |
| r-patched-linux-x86_64 | 1.3.1 | 31.29 | 90.31 | 121.60 | OK | |
| r-release-linux-x86_64 | 1.3.1 | 31.86 | 91.26 | 123.12 | OK | |
| r-release-macos-arm64 | 1.3.1 | 14.00 | 47.00 | 61.00 | OK | |
| r-release-macos-x86_64 | 1.3.1 | 24.00 | 95.00 | 119.00 | OK | |
| r-release-windows-x86_64 | 1.3.1 | 37.00 | 111.00 | 148.00 | OK | |
| r-oldrel-macos-arm64 | 1.3.1 | 14.00 | 52.00 | 66.00 | NOTE | |
| r-oldrel-macos-x86_64 | 1.3.1 | 29.00 | 104.00 | 133.00 | NOTE | |
| r-oldrel-windows-x86_64 | 1.3.1 | 46.00 | 147.00 | 193.00 | OK |
Version: 1.3.1
Check: installed package size
Result: NOTE
installed size is 5.0Mb
sub-directories of 1Mb or more:
libs 3.3Mb
Flavors: r-oldrel-macos-arm64, r-oldrel-macos-x86_64
These binaries (installable software) and packages are in development.
They may not be fully stable and should be used with caution. We make no claims about them.