Last updated on 2025-07-25 01:49:35 CEST.
Flavor | Version | Tinstall | Tcheck | Ttotal | Status | Flags |
---|---|---|---|---|---|---|
r-devel-linux-x86_64-debian-clang | 0.1.3 | 5.17 | 41.33 | 46.50 | NOTE | |
r-devel-linux-x86_64-debian-gcc | 0.1.3 | 3.24 | 30.31 | 33.55 | NOTE | |
r-devel-linux-x86_64-fedora-clang | 0.1.3 | 68.27 | OK | |||
r-devel-linux-x86_64-fedora-gcc | 0.1.3 | 63.87 | OK | |||
r-devel-windows-x86_64 | 0.1.3 | 9.00 | 69.00 | 78.00 | OK | |
r-patched-linux-x86_64 | 0.1.3 | 5.10 | 36.53 | 41.63 | OK | |
r-release-linux-x86_64 | 0.1.3 | 4.62 | 36.82 | 41.44 | OK | |
r-release-macos-arm64 | 0.1.3 | 25.00 | OK | |||
r-release-macos-x86_64 | 0.1.3 | 39.00 | OK | |||
r-release-windows-x86_64 | 0.1.3 | 7.00 | 62.00 | 69.00 | OK | |
r-oldrel-macos-arm64 | 0.1.3 | 25.00 | OK | |||
r-oldrel-macos-x86_64 | 0.1.3 | 33.00 | OK | |||
r-oldrel-windows-x86_64 | 0.1.3 | 9.00 | 69.00 | 78.00 | OK |
Version: 0.1.3
Check: CRAN incoming feasibility
Result: NOTE
Maintainer: ‘Christopher T. Kenny <christopherkenny@fas.harvard.edu>’
Package CITATION file contains call(s) to old-style personList() or
as.personList(). Please use c() on person objects instead.
Package CITATION file contains call(s) to old-style citEntry(). Please
use bibentry() instead.
Flavors: r-devel-linux-x86_64-debian-clang, r-devel-linux-x86_64-debian-gcc
These binaries (installable software) and packages are in development.
They may not be fully stable and should be used with caution. We make no claims about them.