CRAN Package Check Results for Package pprof

Last updated on 2025-11-12 18:50:42 CET.

Flavor Version Tinstall Tcheck Ttotal Status Flags
r-devel-linux-x86_64-debian-clang 1.0.2 57.24 207.82 265.06 OK
r-devel-linux-x86_64-debian-gcc 1.0.2 39.00 141.68 180.68 OK
r-devel-linux-x86_64-fedora-clang 1.0.2 99.00 326.16 425.16 OK
r-devel-linux-x86_64-fedora-gcc 1.0.2 105.00 307.35 412.35 OK
r-devel-windows-x86_64 1.0.2 66.00 252.00 318.00 OK
r-patched-linux-x86_64 1.0.2 52.81 193.38 246.19 OK
r-release-linux-x86_64 1.0.2 51.48 195.34 246.82 OK
r-release-macos-arm64 1.0.2 21.00 55.00 76.00 OK
r-release-macos-x86_64 1.0.2 29.00 90.00 119.00 OK
r-release-windows-x86_64 1.0.2 66.00 243.00 309.00 OK
r-oldrel-macos-arm64 1.0.2 22.00 79.00 101.00 NOTE
r-oldrel-macos-x86_64 1.0.2 28.00 101.00 129.00 NOTE
r-oldrel-windows-x86_64 1.0.2 84.00 305.00 389.00 NOTE

Check Details

Version: 1.0.2
Check: installed package size
Result: NOTE installed size is 5.8Mb sub-directories of 1Mb or more: libs 4.7Mb Flavors: r-oldrel-macos-arm64, r-oldrel-macos-x86_64

Version: 1.0.2
Check: for GNU extensions in Makefiles
Result: NOTE GNU make is a SystemRequirements. Flavors: r-oldrel-macos-arm64, r-oldrel-macos-x86_64, r-oldrel-windows-x86_64

These binaries (installable software) and packages are in development.
They may not be fully stable and should be used with caution. We make no claims about them.