Last updated on 2025-05-01 08:52:41 CEST.
Flavor | Version | Tinstall | Tcheck | Ttotal | Status | Flags |
---|---|---|---|---|---|---|
r-devel-linux-x86_64-debian-clang | 1.0.1 | 54.82 | 168.35 | 223.17 | NOTE | |
r-devel-linux-x86_64-debian-gcc | 1.0.1 | 39.00 | 110.83 | 149.83 | OK | |
r-devel-linux-x86_64-fedora-clang | 1.0.1 | 356.23 | OK | |||
r-devel-linux-x86_64-fedora-gcc | 1.0.1 | 341.94 | OK | |||
r-devel-windows-x86_64 | 1.0.1 | 62.00 | 187.00 | 249.00 | OK | |
r-patched-linux-x86_64 | 1.0.1 | 51.57 | 156.21 | 207.78 | OK | |
r-release-linux-x86_64 | OK | |||||
r-release-macos-arm64 | 1.0.1 | 100.00 | OK | |||
r-release-macos-x86_64 | 1.0.1 | 160.00 | OK | |||
r-release-windows-x86_64 | 1.0.1 | 65.00 | 191.00 | 256.00 | OK | |
r-oldrel-macos-arm64 | 1.0.1 | 54.00 | NOTE | |||
r-oldrel-macos-x86_64 | 1.0.1 | 94.00 | NOTE | |||
r-oldrel-windows-x86_64 | 1.0.1 | 75.00 | 250.00 | 325.00 | NOTE |
Version: 1.0.1
Check: examples
Result: NOTE
Examples with CPU (user + system) or elapsed time > 5s
user system elapsed
caterpillar_plot 5.164 0.126 6.895
ecls_data 5.171 0.089 7.359
confint.logis_fe 5.181 0.015 7.125
Flavor: r-devel-linux-x86_64-debian-clang
Version: 1.0.1
Check: installed package size
Result: NOTE
installed size is 5.7Mb
sub-directories of 1Mb or more:
libs 4.7Mb
Flavors: r-oldrel-macos-arm64, r-oldrel-macos-x86_64
Version: 1.0.1
Check: for GNU extensions in Makefiles
Result: NOTE
GNU make is a SystemRequirements.
Flavors: r-oldrel-macos-arm64, r-oldrel-macos-x86_64, r-oldrel-windows-x86_64
These binaries (installable software) and packages are in development.
They may not be fully stable and should be used with caution. We make no claims about them.