Last updated on 2025-10-23 11:50:23 CEST.
Flavor | Version | Tinstall | Tcheck | Ttotal | Status | Flags |
---|---|---|---|---|---|---|
r-devel-linux-x86_64-debian-clang | 1.0.2 | 57.03 | 208.26 | 265.29 | OK | |
r-devel-linux-x86_64-debian-gcc | 1.0.2 | 37.27 | 142.90 | 180.17 | OK | |
r-devel-linux-x86_64-fedora-clang | 1.0.2 | 113.00 | 316.11 | 429.11 | OK | |
r-devel-linux-x86_64-fedora-gcc | 1.0.2 | 107.00 | 309.85 | 416.85 | OK | |
r-devel-windows-x86_64 | 1.0.2 | 67.00 | 248.00 | 315.00 | OK | |
r-patched-linux-x86_64 | 1.0.2 | 54.42 | 196.36 | 250.78 | OK | |
r-release-linux-x86_64 | 1.0.2 | 53.75 | 193.64 | 247.39 | OK | |
r-release-macos-arm64 | 1.0.2 | 21.00 | 55.00 | 76.00 | OK | |
r-release-macos-x86_64 | 1.0.2 | 29.00 | 90.00 | 119.00 | OK | |
r-release-windows-x86_64 | 1.0.2 | 69.00 | 248.00 | 317.00 | OK | |
r-oldrel-macos-arm64 | 1.0.2 | 22.00 | 79.00 | 101.00 | NOTE | |
r-oldrel-macos-x86_64 | 1.0.2 | 28.00 | 101.00 | 129.00 | NOTE | |
r-oldrel-windows-x86_64 | 1.0.2 | 80.00 | 301.00 | 381.00 | NOTE |
Version: 1.0.2
Check: installed package size
Result: NOTE
installed size is 5.8Mb
sub-directories of 1Mb or more:
libs 4.7Mb
Flavors: r-oldrel-macos-arm64, r-oldrel-macos-x86_64
Version: 1.0.2
Check: for GNU extensions in Makefiles
Result: NOTE
GNU make is a SystemRequirements.
Flavors: r-oldrel-macos-arm64, r-oldrel-macos-x86_64, r-oldrel-windows-x86_64
These binaries (installable software) and packages are in development.
They may not be fully stable and should be used with caution. We make no claims about them.