Last updated on 2025-05-01 12:49:37 CEST.
Flavor | Version | Tinstall | Tcheck | Ttotal | Status | Flags |
---|---|---|---|---|---|---|
r-devel-linux-x86_64-debian-clang | 0.2.5 | 8.63 | 418.67 | 427.30 | OK | |
r-devel-linux-x86_64-debian-gcc | 0.2.5 | 5.71 | 288.48 | 294.19 | OK | |
r-devel-linux-x86_64-fedora-clang | 0.2.5 | 661.03 | OK | |||
r-devel-linux-x86_64-fedora-gcc | 0.2.5 | 652.79 | OK | |||
r-devel-windows-x86_64 | 0.2.5 | 10.00 | 447.00 | 457.00 | OK | |
r-patched-linux-x86_64 | 0.2.5 | 8.15 | 398.84 | 406.99 | OK | |
r-release-linux-x86_64 | OK | |||||
r-release-macos-arm64 | 0.2.5 | 191.00 | OK | |||
r-release-macos-x86_64 | 0.2.5 | 413.00 | OK | |||
r-release-windows-x86_64 | 0.2.5 | 10.00 | 453.00 | 463.00 | OK | |
r-oldrel-macos-arm64 | 0.2.5 | 198.00 | NOTE | |||
r-oldrel-macos-x86_64 | 0.2.5 | 502.00 | NOTE | |||
r-oldrel-windows-x86_64 | 0.2.5 | 12.00 | 561.00 | 573.00 | NOTE |
Version: 0.2.5
Check: installed package size
Result: NOTE
installed size is 11.0Mb
sub-directories of 1Mb or more:
doc 10.5Mb
Flavors: r-oldrel-macos-arm64, r-oldrel-macos-x86_64, r-oldrel-windows-x86_64
These binaries (installable software) and packages are in development.
They may not be fully stable and should be used with caution. We make no claims about them.