CRAN Package Check Results for Package pqantimalarials

Last updated on 2025-02-16 08:50:57 CET.

Flavor Version Tinstall Tcheck Ttotal Status Flags
r-devel-linux-x86_64-debian-clang 0.2 3.32 30.61 33.93 NOTE
r-devel-linux-x86_64-debian-gcc 0.2 2.72 23.47 26.19 NOTE
r-devel-linux-x86_64-fedora-clang 0.2 55.24 OK
r-devel-linux-x86_64-fedora-gcc 0.2 51.73 OK
r-devel-macos-arm64 0.2 21.00 OK
r-devel-macos-x86_64 0.2 34.00 OK
r-devel-windows-x86_64 0.2 5.00 52.00 57.00 NOTE
r-patched-linux-x86_64 0.2 6.99 29.48 36.47 OK
r-release-linux-x86_64 0.2 2.66 29.27 31.93 OK
r-release-macos-arm64 0.2 23.00 OK
r-release-macos-x86_64 0.2 30.00 OK
r-release-windows-x86_64 0.2 6.00 55.00 61.00 OK
r-oldrel-macos-arm64 0.2 22.00 OK
r-oldrel-macos-x86_64 0.2 29.00 OK
r-oldrel-windows-x86_64 0.2 6.00 61.00 67.00 OK

Check Details

Version: 0.2
Check: Rd cross-references
Result: NOTE Found the following Rd file(s) with Rd \link{} targets missing package anchors: webtool.Rd: runApp Please provide package anchors for all Rd \link{} targets not in the package itself and the base packages. Flavors: r-devel-linux-x86_64-debian-clang, r-devel-linux-x86_64-debian-gcc, r-devel-windows-x86_64

These binaries (installable software) and packages are in development.
They may not be fully stable and should be used with caution. We make no claims about them.