CRAN Package Check Results for Package pqrBayes

Last updated on 2025-05-08 04:52:14 CEST.

Flavor Version Tinstall Tcheck Ttotal Status Flags
r-devel-linux-x86_64-debian-clang 1.1.2 114.27 37.81 152.08 OK
r-devel-linux-x86_64-debian-gcc 1.1.2 77.00 28.22 105.22 OK
r-devel-linux-x86_64-fedora-clang 1.1.2 292.48 OK
r-devel-linux-x86_64-fedora-gcc 1.1.2 296.88 OK
r-devel-windows-x86_64 1.1.2 123.00 81.00 204.00 OK
r-patched-linux-x86_64 1.1.2 107.16 35.52 142.68 OK
r-release-linux-x86_64 1.1.2 111.07 35.38 146.45 OK
r-release-macos-arm64 1.1.2 57.00 OK
r-release-macos-x86_64 1.1.2 74.00 OK
r-release-windows-x86_64 1.1.2 125.00 81.00 206.00 OK
r-oldrel-macos-arm64 1.1.2 58.00 NOTE
r-oldrel-macos-x86_64 1.1.2 76.00 NOTE
r-oldrel-windows-x86_64 1.1.2 144.00 96.00 240.00 OK

Check Details

Version: 1.1.2
Check: installed package size
Result: NOTE installed size is 6.0Mb sub-directories of 1Mb or more: libs 5.8Mb Flavors: r-oldrel-macos-arm64, r-oldrel-macos-x86_64

These binaries (installable software) and packages are in development.
They may not be fully stable and should be used with caution. We make no claims about them.