Last updated on 2025-07-21 19:49:52 CEST.
Flavor | Version | Tinstall | Tcheck | Ttotal | Status | Flags |
---|---|---|---|---|---|---|
r-devel-linux-x86_64-debian-clang | 1.1.3 | 156.79 | 37.99 | 194.78 | OK | |
r-devel-linux-x86_64-debian-gcc | 1.1.3 | 109.93 | 28.36 | 138.29 | OK | |
r-devel-linux-x86_64-fedora-clang | 1.1.3 | 379.99 | OK | |||
r-devel-linux-x86_64-fedora-gcc | 1.1.3 | 342.56 | OK | |||
r-devel-windows-x86_64 | 1.1.3 | 170.00 | 75.00 | 245.00 | OK | |
r-patched-linux-x86_64 | 1.1.3 | 157.63 | 35.68 | 193.31 | OK | |
r-release-linux-x86_64 | 1.1.3 | 148.96 | 35.50 | 184.46 | OK | |
r-release-macos-arm64 | 1.1.3 | 79.00 | OK | |||
r-release-macos-x86_64 | 1.1.3 | 96.00 | OK | |||
r-release-windows-x86_64 | 1.1.3 | 167.00 | 77.00 | 244.00 | OK | |
r-oldrel-macos-arm64 | 1.1.3 | 71.00 | NOTE | |||
r-oldrel-macos-x86_64 | 60.00 | NOTE | ||||
r-oldrel-windows-x86_64 | 1.1.3 | 199.00 | 94.00 | 293.00 | OK |
Version: 1.1.3
Check: installed package size
Result: NOTE
installed size is 7.6Mb
sub-directories of 1Mb or more:
libs 7.4Mb
Flavors: r-oldrel-macos-arm64, r-oldrel-macos-x86_64
These binaries (installable software) and packages are in development.
They may not be fully stable and should be used with caution. We make no claims about them.