CRAN Package Check Results for Package pqrfe

Last updated on 2025-05-01 08:52:41 CEST.

Flavor Version Tinstall Tcheck Ttotal Status Flags
r-devel-linux-x86_64-debian-clang 1.1 19.21 30.33 49.54 NOTE
r-devel-linux-x86_64-debian-gcc 1.1 14.92 23.74 38.66 NOTE
r-devel-linux-x86_64-fedora-clang 1.1 90.12 NOTE
r-devel-linux-x86_64-fedora-gcc 1.1 88.25 NOTE
r-devel-windows-x86_64 1.1 26.00 76.00 102.00 NOTE
r-patched-linux-x86_64 1.1 23.90 28.92 52.82 NOTE
r-release-linux-x86_64 NOTE
r-release-macos-arm64 1.1 46.00 NOTE
r-release-macos-x86_64 1.1 44.00 NOTE
r-release-windows-x86_64 1.1 27.00 81.00 108.00 NOTE
r-oldrel-macos-arm64 1.1 27.00 NOTE
r-oldrel-macos-x86_64 1.1 41.00 NOTE
r-oldrel-windows-x86_64 1.1 29.00 83.00 112.00 NOTE

Check Details

Version: 1.1
Check: C++ specification
Result: NOTE Specified C++11: please drop specification unless essential Flavors: r-devel-linux-x86_64-debian-clang, r-devel-linux-x86_64-debian-gcc, r-devel-linux-x86_64-fedora-clang, r-devel-linux-x86_64-fedora-gcc, r-devel-windows-x86_64, r-patched-linux-x86_64, r-release-linux-x86_64, r-release-macos-arm64, r-release-macos-x86_64, r-release-windows-x86_64, r-oldrel-macos-arm64, r-oldrel-macos-x86_64, r-oldrel-windows-x86_64

These binaries (installable software) and packages are in development.
They may not be fully stable and should be used with caution. We make no claims about them.