Last updated on 2025-10-24 03:50:40 CEST.
| Flavor | Version | Tinstall | Tcheck | Ttotal | Status | Flags |
|---|---|---|---|---|---|---|
| r-devel-linux-x86_64-debian-clang | 1.6.2 | 4.21 | 45.45 | 49.66 | OK | |
| r-devel-linux-x86_64-debian-gcc | 1.6.2 | 3.42 | 33.75 | 37.17 | OK | |
| r-devel-linux-x86_64-fedora-clang | 1.6.2 | 26.00 | 53.04 | 79.04 | NOTE | |
| r-devel-linux-x86_64-fedora-gcc | 1.6.2 | 27.00 | 48.00 | 75.00 | NOTE | |
| r-devel-windows-x86_64 | 1.6.2 | 7.00 | 63.00 | 70.00 | OK | |
| r-patched-linux-x86_64 | 1.6.2 | 5.33 | 41.85 | 47.18 | OK | |
| r-release-linux-x86_64 | 1.6.2 | 4.91 | 42.53 | 47.44 | OK | |
| r-release-macos-arm64 | 1.6.2 | 2.00 | 22.00 | 24.00 | OK | |
| r-release-macos-x86_64 | 1.6.2 | 4.00 | 42.00 | 46.00 | OK | |
| r-release-windows-x86_64 | 1.6.2 | 11.00 | 67.00 | 78.00 | OK | |
| r-oldrel-macos-arm64 | 1.6.2 | 2.00 | 26.00 | 28.00 | OK | |
| r-oldrel-macos-x86_64 | 1.6.2 | 6.00 | 60.00 | 66.00 | OK | |
| r-oldrel-windows-x86_64 | 1.6.2 | 10.00 | 79.00 | 89.00 | OK |
Version: 1.6.2
Check: dependencies in R code
Result: NOTE
Namespaces in Imports field not imported from:
‘bslib’ ‘shinyjs’
All declared Imports should be used.
Flavors: r-devel-linux-x86_64-fedora-clang, r-devel-linux-x86_64-fedora-gcc
These binaries (installable software) and packages are in development.
They may not be fully stable and should be used with caution. We make no claims about them.