Last updated on 2025-02-16 08:50:57 CET.
Flavor | Version | Tinstall | Tcheck | Ttotal | Status | Flags |
---|---|---|---|---|---|---|
r-devel-linux-x86_64-debian-clang | 1.3 | 15.14 | 25.06 | 40.20 | OK | |
r-devel-linux-x86_64-debian-gcc | 1.3 | 10.46 | 20.02 | 30.48 | OK | |
r-devel-linux-x86_64-fedora-clang | 1.3 | 66.68 | NOTE | |||
r-devel-linux-x86_64-fedora-gcc | 1.3 | 68.79 | NOTE | |||
r-devel-macos-arm64 | 1.3 | 21.00 | OK | |||
r-devel-macos-x86_64 | 1.3 | 39.00 | OK | |||
r-devel-windows-x86_64 | 1.3 | 15.00 | 61.00 | 76.00 | OK | |
r-patched-linux-x86_64 | 1.3 | 15.50 | 23.67 | 39.17 | OK | |
r-release-linux-x86_64 | 1.3 | 15.84 | 23.54 | 39.38 | OK | |
r-release-macos-arm64 | 1.3 | 24.00 | OK | |||
r-release-macos-x86_64 | 1.3 | 39.00 | OK | |||
r-release-windows-x86_64 | 1.3 | 16.00 | 65.00 | 81.00 | OK | |
r-oldrel-macos-arm64 | 1.3 | 25.00 | OK | |||
r-oldrel-macos-x86_64 | 1.3 | 39.00 | OK | |||
r-oldrel-windows-x86_64 | 1.3 | 15.00 | 70.00 | 85.00 | OK |
Version: 1.3
Check: compiled code
Result: NOTE
File ‘prclust/libs/prclust.so’:
Found no calls to: ‘R_registerRoutines’, ‘R_useDynamicSymbols’
It is good practice to register native routines and to disable symbol
search.
See ‘Writing portable packages’ in the ‘Writing R Extensions’ manual.
Flavors: r-devel-linux-x86_64-fedora-clang, r-devel-linux-x86_64-fedora-gcc
These binaries (installable software) and packages are in development.
They may not be fully stable and should be used with caution. We make no claims about them.