Last updated on 2025-10-23 11:50:23 CEST.
Flavor | Version | Tinstall | Tcheck | Ttotal | Status | Flags |
---|---|---|---|---|---|---|
r-devel-linux-x86_64-debian-clang | 0.2.1 | 6.45 | 64.52 | 70.97 | OK | |
r-devel-linux-x86_64-debian-gcc | 0.2.1 | 4.27 | 48.58 | 52.85 | OK | |
r-devel-linux-x86_64-fedora-clang | 0.2.1 | 16.00 | 94.62 | 110.62 | NOTE | |
r-devel-linux-x86_64-fedora-gcc | 0.2.1 | 15.00 | 105.64 | 120.64 | NOTE | |
r-devel-windows-x86_64 | 0.2.1 | 7.00 | 75.00 | 82.00 | OK | |
r-patched-linux-x86_64 | 0.2.1 | 6.35 | 61.82 | 68.17 | OK | |
r-release-linux-x86_64 | 0.2.1 | 6.23 | 61.09 | 67.32 | OK | |
r-release-macos-arm64 | 0.2.1 | 2.00 | 31.00 | 33.00 | OK | |
r-release-macos-x86_64 | 0.2.1 | 4.00 | 58.00 | 62.00 | OK | |
r-release-windows-x86_64 | 0.2.1 | 8.00 | 75.00 | 83.00 | OK | |
r-oldrel-macos-arm64 | 0.2.1 | 3.00 | 31.00 | 34.00 | OK | |
r-oldrel-macos-x86_64 | 0.2.1 | 4.00 | 44.00 | 48.00 | OK | |
r-oldrel-windows-x86_64 | 0.2.1 | 10.00 | 92.00 | 102.00 | OK |
Version: 0.2.1
Check: dependencies in R code
Result: NOTE
Namespaces in Imports field not imported from:
‘class’ ‘forcats’ ‘irr’ ‘lpSolve’ ‘purrr’
All declared Imports should be used.
Flavors: r-devel-linux-x86_64-fedora-clang, r-devel-linux-x86_64-fedora-gcc
These binaries (installable software) and packages are in development.
They may not be fully stable and should be used with caution. We make no claims about them.