Last updated on 2025-02-16 08:50:57 CET.
Flavor | Version | Tinstall | Tcheck | Ttotal | Status | Flags |
---|---|---|---|---|---|---|
r-devel-linux-x86_64-debian-clang | 0.2.1 | 4.71 | 49.99 | 54.70 | OK | |
r-devel-linux-x86_64-debian-gcc | 0.2.1 | 3.70 | 37.44 | 41.14 | OK | |
r-devel-linux-x86_64-fedora-clang | 0.2.1 | 86.61 | NOTE | |||
r-devel-linux-x86_64-fedora-gcc | 0.2.1 | 95.78 | NOTE | |||
r-devel-macos-arm64 | 0.2.1 | 34.00 | OK | |||
r-devel-macos-x86_64 | 0.2.1 | 62.00 | OK | |||
r-devel-windows-x86_64 | 0.2.1 | 8.00 | 67.00 | 75.00 | OK | |
r-patched-linux-x86_64 | 0.2.1 | 4.22 | 46.95 | 51.17 | OK | |
r-release-linux-x86_64 | 0.2.1 | 4.75 | 46.45 | 51.20 | OK | |
r-release-macos-arm64 | 0.2.1 | 34.00 | OK | |||
r-release-macos-x86_64 | 0.2.1 | 48.00 | OK | |||
r-release-windows-x86_64 | 0.2.1 | 7.00 | 67.00 | 74.00 | OK | |
r-oldrel-macos-arm64 | 0.2.1 | 35.00 | OK | |||
r-oldrel-macos-x86_64 | 0.2.1 | 47.00 | OK | |||
r-oldrel-windows-x86_64 | 0.2.1 | 7.00 | 95.00 | 102.00 | OK |
Version: 0.2.1
Check: dependencies in R code
Result: NOTE
Namespaces in Imports field not imported from:
‘class’ ‘forcats’ ‘irr’ ‘lpSolve’ ‘purrr’
All declared Imports should be used.
Flavors: r-devel-linux-x86_64-fedora-clang, r-devel-linux-x86_64-fedora-gcc
These binaries (installable software) and packages are in development.
They may not be fully stable and should be used with caution. We make no claims about them.