Last updated on 2025-11-12 12:53:18 CET.
| Flavor | Version | Tinstall | Tcheck | Ttotal | Status | Flags |
|---|---|---|---|---|---|---|
| r-devel-linux-x86_64-debian-clang | 1.0.8 | 13.01 | 337.88 | 350.89 | NOTE | |
| r-devel-linux-x86_64-debian-gcc | 1.0.8 | 9.23 | 211.88 | 221.11 | NOTE | |
| r-devel-linux-x86_64-fedora-clang | 1.0.8 | 32.00 | 514.30 | 546.30 | NOTE | |
| r-devel-linux-x86_64-fedora-gcc | 1.0.8 | 26.00 | 513.90 | 539.90 | NOTE | |
| r-devel-windows-x86_64 | 1.0.8 | 35.00 | 296.00 | 331.00 | NOTE | |
| r-patched-linux-x86_64 | 1.0.8 | 14.47 | 323.81 | 338.28 | OK | |
| r-release-linux-x86_64 | 1.0.8 | 14.29 | 322.99 | 337.28 | OK | |
| r-release-macos-arm64 | 1.0.8 | 7.00 | 135.00 | 142.00 | OK | |
| r-release-macos-x86_64 | 1.0.8 | 14.00 | 380.00 | 394.00 | OK | |
| r-release-windows-x86_64 | 1.0.8 | 15.00 | 293.00 | 308.00 | OK | |
| r-oldrel-macos-arm64 | 1.0.8 | 6.00 | 146.00 | 152.00 | OK | |
| r-oldrel-macos-x86_64 | 1.0.8 | 19.00 | 380.00 | 399.00 | OK | |
| r-oldrel-windows-x86_64 | 1.0.8 | 20.00 | 476.00 | 496.00 | OK |
Version: 1.0.8
Check: Rd files
Result: NOTE
checkRd: (-1) pre.Rd:246-281: Only 6 columns allowed in this table (row 2 has 1)
checkRd: (-1) pre.Rd:246-281: Only 6 columns allowed in this table (row 9 has 1)
checkRd: (-1) pre.Rd:246-281: Only 6 columns allowed in this table (row 16 has 1)
checkRd: (-1) pre.Rd:246-281: Only 6 columns allowed in this table (row 20 has 1)
checkRd: (-1) pre.Rd:246-281: Only 6 columns allowed in this table (row 24 has 1)
checkRd: (-1) pre.Rd:246-281: Only 6 columns allowed in this table (row 30 has 1)
Flavors: r-devel-linux-x86_64-debian-clang, r-devel-linux-x86_64-debian-gcc, r-devel-linux-x86_64-fedora-clang, r-devel-linux-x86_64-fedora-gcc, r-devel-windows-x86_64
These binaries (installable software) and packages are in development.
They may not be fully stable and should be used with caution. We make no claims about them.