CRAN Package Check Results for Package pre

Last updated on 2025-02-23 01:51:50 CET.

Flavor Version Tinstall Tcheck Ttotal Status Flags
r-devel-linux-x86_64-debian-clang 1.0.7 13.56 327.04 340.60 NOTE
r-devel-linux-x86_64-debian-gcc 1.0.7 8.92 212.05 220.97 NOTE
r-devel-linux-x86_64-fedora-clang 1.0.7 546.78 NOTE
r-devel-linux-x86_64-fedora-gcc 1.0.7 528.68 NOTE
r-devel-macos-arm64 1.0.7 144.00 OK
r-devel-macos-x86_64 1.0.7 331.00 NOTE
r-devel-windows-x86_64 1.0.7 14.00 290.00 304.00 NOTE
r-patched-linux-x86_64 1.0.7 16.75 310.02 326.77 OK
r-release-linux-x86_64 1.0.7 13.72 308.32 322.04 OK
r-release-macos-arm64 1.0.7 133.00 OK
r-release-macos-x86_64 1.0.7 227.00 OK
r-release-windows-x86_64 1.0.7 15.00 289.00 304.00 OK
r-oldrel-macos-arm64 1.0.7 140.00 OK
r-oldrel-macos-x86_64 1.0.7 325.00 OK
r-oldrel-windows-x86_64 1.0.7 19.00 400.00 419.00 OK

Check Details

Version: 1.0.7
Check: DESCRIPTION meta-information
Result: NOTE Missing dependency on R >= 4.1.0 because package code uses the pipe |> or function shorthand \(...) syntax added in R 4.1.0. File(s) using such syntax: ‘mi_pre.R’ Flavors: r-devel-linux-x86_64-debian-clang, r-devel-linux-x86_64-debian-gcc, r-devel-linux-x86_64-fedora-clang, r-devel-linux-x86_64-fedora-gcc, r-devel-macos-x86_64, r-devel-windows-x86_64

Version: 1.0.7
Check: Rd cross-references
Result: NOTE Found the following Rd file(s) with Rd \link{} targets missing package anchors: gpe.Rd: cv.glmnet gpe_cv.glmnet.Rd: cv.glmnet gpe_trees.Rd: ctree, glmtree, ctree_control, earth, cv.glmnet rTerm.Rd: cv.glmnet Please provide package anchors for all Rd \link{} targets not in the package itself and the base packages. Flavors: r-devel-linux-x86_64-debian-clang, r-devel-linux-x86_64-debian-gcc, r-devel-windows-x86_64

These binaries (installable software) and packages are in development.
They may not be fully stable and should be used with caution. We make no claims about them.