CRAN Package Check Results for Package precisely

Last updated on 2025-10-23 21:51:37 CEST.

Flavor Version Tinstall Tcheck Ttotal Status Flags
r-devel-linux-x86_64-debian-clang 0.1.2 6.00 103.06 109.06 NOTE
r-devel-linux-x86_64-debian-gcc 0.1.2 4.43 73.79 78.22 OK
r-devel-linux-x86_64-fedora-clang 0.1.2 16.00 139.14 155.14 OK
r-devel-linux-x86_64-fedora-gcc 0.1.2 14.00 149.54 163.54 OK
r-devel-windows-x86_64 0.1.2 7.00 91.00 98.00 OK
r-patched-linux-x86_64 0.1.2 6.01 94.23 100.24 OK
r-release-linux-x86_64 0.1.2 6.53 94.89 101.42 OK
r-release-macos-arm64 0.1.2 2.00 36.00 38.00 OK
r-release-macos-x86_64 0.1.2 4.00 67.00 71.00 OK
r-release-windows-x86_64 0.1.2 10.00 91.00 101.00 OK
r-oldrel-macos-arm64 0.1.2 2.00 35.00 37.00 OK
r-oldrel-macos-x86_64 0.1.2 3.00 58.00 61.00 OK
r-oldrel-windows-x86_64 0.1.2 10.00 116.00 126.00 OK

Check Details

Version: 0.1.2
Check: HTML version of manual
Result: NOTE Found the following HTML validation problems: theme_precisely.html:54:1 (theme_precisely.Rd:14): Warning: missing </ul> before </div> Flavor: r-devel-linux-x86_64-debian-clang

These binaries (installable software) and packages are in development.
They may not be fully stable and should be used with caution. We make no claims about them.