Last updated on 2025-02-16 08:50:57 CET.
Flavor | Version | Tinstall | Tcheck | Ttotal | Status | Flags |
---|---|---|---|---|---|---|
r-devel-linux-x86_64-debian-clang | 0.1.0 | 2.48 | 22.41 | 24.89 | NOTE | |
r-devel-linux-x86_64-debian-gcc | 0.1.0 | 1.93 | 17.06 | 18.99 | NOTE | |
r-devel-linux-x86_64-fedora-clang | 0.1.0 | 40.43 | NOTE | |||
r-devel-linux-x86_64-fedora-gcc | 0.1.0 | 37.38 | NOTE | |||
r-devel-macos-arm64 | 0.1.0 | 18.00 | NOTE | |||
r-devel-macos-x86_64 | 0.1.0 | 32.00 | NOTE | |||
r-devel-windows-x86_64 | 0.1.0 | 4.00 | 54.00 | 58.00 | NOTE | |
r-patched-linux-x86_64 | 0.1.0 | 2.26 | 21.09 | 23.35 | NOTE | |
r-release-linux-x86_64 | 0.1.0 | 2.10 | 20.75 | 22.85 | NOTE | |
r-release-macos-arm64 | 0.1.0 | 19.00 | NOTE | |||
r-release-macos-x86_64 | 0.1.0 | 37.00 | NOTE | |||
r-release-windows-x86_64 | 0.1.0 | 4.00 | 58.00 | 62.00 | NOTE | |
r-oldrel-macos-arm64 | 0.1.0 | 18.00 | OK | |||
r-oldrel-macos-x86_64 | 0.1.0 | 26.00 | OK | |||
r-oldrel-windows-x86_64 | 0.1.0 | 5.00 | 79.00 | 84.00 | OK |
Version: 0.1.0
Check: Rd files
Result: NOTE
checkRd: (-1) diagnose_expressions.Rd:39: Lost braces
39 | \item wrapping a function argument in two curly braces (e.g. `{{arg}} > 0) means
| ^
Flavors: r-devel-linux-x86_64-debian-clang, r-devel-linux-x86_64-debian-gcc, r-devel-linux-x86_64-fedora-clang, r-devel-linux-x86_64-fedora-gcc, r-devel-macos-arm64, r-devel-macos-x86_64, r-devel-windows-x86_64, r-patched-linux-x86_64, r-release-linux-x86_64, r-release-macos-arm64, r-release-macos-x86_64, r-release-windows-x86_64
Version: 0.1.0
Check: compiled code
Result: NOTE
File ‘precondition/libs/precondition.so’:
Found non-API calls to R: ‘PRENV’, ‘R_PromiseExpr’
Compiled code should not call non-API entry points in R.
See ‘Writing portable packages’ in the ‘Writing R Extensions’ manual,
and section ‘Moving into C API compliance’ for issues with the use of
non-API entry points.
Flavors: r-devel-linux-x86_64-debian-clang, r-devel-linux-x86_64-debian-gcc, r-devel-linux-x86_64-fedora-clang, r-devel-linux-x86_64-fedora-gcc, r-devel-macos-arm64, r-devel-macos-x86_64
Version: 0.1.0
Check: compiled code
Result: NOTE
File 'precondition/libs/x64/precondition.dll':
Found non-API calls to R: 'PRENV', 'R_PromiseExpr'
Compiled code should not call non-API entry points in R.
See 'Writing portable packages' in the 'Writing R Extensions' manual,
and section 'Moving into C API compliance' for issues with the use of
non-API entry points.
Flavor: r-devel-windows-x86_64
These binaries (installable software) and packages are in development.
They may not be fully stable and should be used with caution. We make no claims about them.