Last updated on 2025-10-25 11:48:43 CEST.
| Flavor | Version | Tinstall | Tcheck | Ttotal | Status | Flags |
|---|---|---|---|---|---|---|
| r-devel-linux-x86_64-debian-clang | 0.1.0 | 2.01 | 19.74 | 21.75 | OK | |
| r-devel-linux-x86_64-debian-gcc | 0.1.0 | 1.61 | 16.31 | 17.92 | OK | |
| r-devel-linux-x86_64-fedora-clang | 0.1.0 | 31.74 | NOTE | |||
| r-devel-linux-x86_64-fedora-gcc | 0.1.0 | 30.61 | NOTE | |||
| r-devel-windows-x86_64 | 0.1.0 | 2.00 | 38.00 | 40.00 | OK | |
| r-patched-linux-x86_64 | 0.1.0 | 1.82 | 18.79 | 20.61 | OK | |
| r-release-linux-x86_64 | 0.1.0 | 1.79 | 18.65 | 20.44 | OK | |
| r-release-macos-arm64 | 0.1.0 | 1.00 | 13.00 | 14.00 | OK | |
| r-release-macos-x86_64 | 0.1.0 | 2.00 | 30.00 | 32.00 | OK | |
| r-release-windows-x86_64 | 0.1.0 | 3.00 | 39.00 | 42.00 | OK | |
| r-oldrel-macos-arm64 | 0.1.0 | 1.00 | 13.00 | 14.00 | NOTE | |
| r-oldrel-macos-x86_64 | 0.1.0 | 1.00 | 18.00 | 19.00 | NOTE | |
| r-oldrel-windows-x86_64 | 0.1.0 | 3.00 | 42.00 | 45.00 | NOTE |
Version: 0.1.0
Check: dependencies in R code
Result: NOTE
Namespace in Imports field not imported from: ‘rpart’
All declared Imports should be used.
Flavors: r-devel-linux-x86_64-fedora-clang, r-devel-linux-x86_64-fedora-gcc
Version: 0.1.0
Check: LazyData
Result: NOTE
'LazyData' is specified without a 'data' directory
Flavors: r-oldrel-macos-arm64, r-oldrel-macos-x86_64, r-oldrel-windows-x86_64
These binaries (installable software) and packages are in development.
They may not be fully stable and should be used with caution. We make no claims about them.