CRAN Package Check Results for Package predictionInterval

Last updated on 2025-05-01 14:49:18 CEST.

Flavor Version Tinstall Tcheck Ttotal Status Flags
r-devel-linux-x86_64-debian-clang 1.0.0 5.54 43.78 49.32 NOTE
r-devel-linux-x86_64-debian-gcc 1.0.0 3.72 31.96 35.68 NOTE
r-devel-linux-x86_64-fedora-clang 1.0.0 68.06 OK
r-devel-linux-x86_64-fedora-gcc 1.0.0 63.36 OK
r-devel-windows-x86_64 1.0.0 6.00 63.00 69.00 OK
r-patched-linux-x86_64 1.0.0 5.33 40.75 46.08 OK
r-release-linux-x86_64 OK
r-release-macos-arm64 1.0.0 25.00 OK
r-release-macos-x86_64 1.0.0 45.00 OK
r-release-windows-x86_64 1.0.0 7.00 66.00 73.00 OK
r-oldrel-macos-arm64 1.0.0 25.00 OK
r-oldrel-macos-x86_64 1.0.0 33.00 OK
r-oldrel-windows-x86_64 1.0.0 10.00 70.00 80.00 OK

Check Details

Version: 1.0.0
Check: CRAN incoming feasibility
Result: NOTE Maintainer: ‘David Stanley <dstanley@uoguelph.ca>’ No Authors@R field in DESCRIPTION. Please add one, modifying Authors@R: person(given = "David", family = "Stanley", role = c("aut", "cre"), email = "dstanley@uoguelph.ca") as necessary. Flavors: r-devel-linux-x86_64-debian-clang, r-devel-linux-x86_64-debian-gcc

These binaries (installable software) and packages are in development.
They may not be fully stable and should be used with caution. We make no claims about them.