CRAN Package Check Results for Package predictionInterval

Last updated on 2025-11-16 03:50:06 CET.

Flavor Version Tinstall Tcheck Ttotal Status Flags
r-devel-linux-x86_64-debian-clang 1.0.0 5.40 52.45 57.85 NOTE
r-devel-linux-x86_64-debian-gcc 1.0.0 4.52 38.35 42.87 NOTE
r-devel-linux-x86_64-fedora-clang 1.0.0 21.00 70.91 91.91 OK
r-devel-linux-x86_64-fedora-gcc 1.0.0 13.00 72.28 85.28 OK
r-devel-windows-x86_64 1.0.0 11.00 64.00 75.00 OK
r-patched-linux-x86_64 1.0.0 5.74 49.96 55.70 OK
r-release-linux-x86_64 1.0.0 5.65 49.82 55.47 OK
r-release-macos-arm64 1.0.0 2.00 23.00 25.00 OK
r-release-macos-x86_64 1.0.0 5.00 40.00 45.00 OK
r-release-windows-x86_64 1.0.0 8.00 63.00 71.00 OK
r-oldrel-macos-arm64 1.0.0 3.00 22.00 25.00 OK
r-oldrel-macos-x86_64 1.0.0 4.00 29.00 33.00 OK
r-oldrel-windows-x86_64 1.0.0 1.00 10.00 11.00 ERROR

Check Details

Version: 1.0.0
Check: CRAN incoming feasibility
Result: NOTE Maintainer: ‘David Stanley <dstanley@uoguelph.ca>’ No Authors@R field in DESCRIPTION. Please add one, modifying Authors@R: person(given = "David", family = "Stanley", role = c("aut", "cre"), email = "dstanley@uoguelph.ca") as necessary. Flavors: r-devel-linux-x86_64-debian-clang, r-devel-linux-x86_64-debian-gcc

Version: 1.0.0
Check: package dependencies
Result: ERROR Package required but not available: 'MBESS' See section 'The DESCRIPTION file' in the 'Writing R Extensions' manual. Flavor: r-oldrel-windows-x86_64

These binaries (installable software) and packages are in development.
They may not be fully stable and should be used with caution. We make no claims about them.