CRAN Package Check Results for Package predictionInterval

Last updated on 2025-10-04 11:50:44 CEST.

Flavor Version Tinstall Tcheck Ttotal Status Flags
r-devel-linux-x86_64-debian-clang 1.0.0 5.80 53.56 59.36 NOTE
r-devel-linux-x86_64-debian-gcc 1.0.0 4.00 38.36 42.36 NOTE
r-devel-linux-x86_64-fedora-clang 1.0.0 90.23 OK
r-devel-linux-x86_64-fedora-gcc 1.0.0 83.76 OK
r-devel-windows-x86_64 1.0.0 9.00 65.00 74.00 OK
r-patched-linux-x86_64 1.0.0 5.64 49.57 55.21 OK
r-release-linux-x86_64 1.0.0 5.14 49.20 54.34 OK
r-release-macos-arm64 1.0.0 25.00 OK
r-release-macos-x86_64 1.0.0 45.00 OK
r-release-windows-x86_64 1.0.0 8.00 64.00 72.00 OK
r-oldrel-macos-arm64 1.0.0 25.00 OK
r-oldrel-macos-x86_64 1.0.0 33.00 OK
r-oldrel-windows-x86_64 1.0.0 11.00 80.00 91.00 OK

Check Details

Version: 1.0.0
Check: CRAN incoming feasibility
Result: NOTE Maintainer: ‘David Stanley <dstanley@uoguelph.ca>’ No Authors@R field in DESCRIPTION. Please add one, modifying Authors@R: person(given = "David", family = "Stanley", role = c("aut", "cre"), email = "dstanley@uoguelph.ca") as necessary. Flavors: r-devel-linux-x86_64-debian-clang, r-devel-linux-x86_64-debian-gcc

These binaries (installable software) and packages are in development.
They may not be fully stable and should be used with caution. We make no claims about them.