Last updated on 2025-05-02 04:49:43 CEST.
Flavor | Version | Tinstall | Tcheck | Ttotal | Status | Flags |
---|---|---|---|---|---|---|
r-devel-linux-x86_64-debian-clang | 0.1.1 | 7.86 | 62.93 | 70.79 | NOTE | |
r-devel-linux-x86_64-debian-gcc | 0.1.1 | 5.80 | 44.80 | 50.60 | NOTE | |
r-devel-linux-x86_64-fedora-clang | 0.1.1 | 97.30 | OK | |||
r-devel-linux-x86_64-fedora-gcc | 0.1.1 | 90.19 | OK | |||
r-devel-windows-x86_64 | 0.1.1 | 9.00 | 76.00 | 85.00 | OK | |
r-patched-linux-x86_64 | 0.1.1 | 7.63 | 57.99 | 65.62 | OK | |
r-release-linux-x86_64 | OK | |||||
r-release-macos-arm64 | 0.1.1 | 31.00 | OK | |||
r-release-macos-x86_64 | 0.1.1 | 54.00 | OK | |||
r-release-windows-x86_64 | 0.1.1 | 9.00 | 82.00 | 91.00 | OK | |
r-oldrel-macos-arm64 | 0.1.1 | 31.00 | OK | |||
r-oldrel-macos-x86_64 | 0.1.1 | 43.00 | OK | |||
r-oldrel-windows-x86_64 | 0.1.1 | 11.00 | 91.00 | 102.00 | OK |
Version: 0.1.1
Check: CRAN incoming feasibility
Result: NOTE
Maintainer: ‘Orestis Efthimiou <oremiou@gmail.com>’
No Authors@R field in DESCRIPTION.
Please add one, modifying
Authors@R: person(given = "Orestis",
family = "Efthimiou",
role = c("aut", "cre"),
email = "oremiou@gmail.com")
as necessary.
Flavors: r-devel-linux-x86_64-debian-clang, r-devel-linux-x86_64-debian-gcc
These binaries (installable software) and packages are in development.
They may not be fully stable and should be used with caution. We make no claims about them.