CRAN Package Check Results for Package predtoolsTS

Last updated on 2025-07-19 13:50:20 CEST.

Flavor Version Tinstall Tcheck Ttotal Status Flags
r-devel-linux-x86_64-debian-clang 0.1.1 3.02 41.48 44.50 OK
r-devel-linux-x86_64-debian-gcc 0.1.1 2.05 30.50 32.55 OK
r-devel-linux-x86_64-fedora-clang 0.1.1 68.79 OK
r-devel-linux-x86_64-fedora-gcc 0.1.1 66.51 OK
r-devel-windows-x86_64 0.1.1 5.00 70.00 75.00 OK
r-patched-linux-x86_64 0.1.1 3.31 39.10 42.41 OK
r-release-linux-x86_64 0.1.1 2.95 39.71 42.66 OK
r-release-macos-arm64 0.1.1 23.00 OK
r-release-macos-x86_64 0.1.1 45.00 OK
r-release-windows-x86_64 0.1.1 5.00 69.00 74.00 OK
r-oldrel-macos-arm64 0.1.1 24.00 NOTE
r-oldrel-macos-x86_64 0.1.1 34.00 NOTE
r-oldrel-windows-x86_64 0.1.1 6.00 86.00 92.00 NOTE

Check Details

Version: 0.1.1
Check: LazyData
Result: NOTE 'LazyData' is specified without a 'data' directory Flavors: r-oldrel-macos-arm64, r-oldrel-macos-x86_64, r-oldrel-windows-x86_64

These binaries (installable software) and packages are in development.
They may not be fully stable and should be used with caution. We make no claims about them.