Last updated on 2025-10-24 13:49:46 CEST.
| Flavor | Version | Tinstall | Tcheck | Ttotal | Status | Flags |
|---|---|---|---|---|---|---|
| r-devel-linux-x86_64-debian-clang | 0.1.1 | 2.82 | 44.01 | 46.83 | OK | |
| r-devel-linux-x86_64-debian-gcc | 0.1.1 | 1.96 | 32.17 | 34.13 | OK | |
| r-devel-linux-x86_64-fedora-clang | 0.1.1 | 72.55 | OK | |||
| r-devel-linux-x86_64-fedora-gcc | 0.1.1 | 67.17 | OK | |||
| r-devel-windows-x86_64 | 0.1.1 | 5.00 | 69.00 | 74.00 | OK | |
| r-patched-linux-x86_64 | 0.1.1 | 2.65 | 41.41 | 44.06 | OK | |
| r-release-linux-x86_64 | 0.1.1 | 2.79 | 41.59 | 44.38 | OK | |
| r-release-macos-arm64 | 0.1.1 | 1.00 | 22.00 | 23.00 | OK | |
| r-release-macos-x86_64 | 0.1.1 | 2.00 | 43.00 | 45.00 | OK | |
| r-release-windows-x86_64 | 0.1.1 | 5.00 | 73.00 | 78.00 | OK | |
| r-oldrel-macos-arm64 | 0.1.1 | 1.00 | 23.00 | 24.00 | NOTE | |
| r-oldrel-macos-x86_64 | 0.1.1 | 2.00 | 32.00 | 34.00 | NOTE | |
| r-oldrel-windows-x86_64 | 0.1.1 | 6.00 | 88.00 | 94.00 | NOTE |
Version: 0.1.1
Check: LazyData
Result: NOTE
'LazyData' is specified without a 'data' directory
Flavors: r-oldrel-macos-arm64, r-oldrel-macos-x86_64, r-oldrel-windows-x86_64
These binaries (installable software) and packages are in development.
They may not be fully stable and should be used with caution. We make no claims about them.