CRAN Package Check Results for Package predtoolsTS

Last updated on 2025-02-19 17:51:00 CET.

Flavor Version Tinstall Tcheck Ttotal Status Flags
r-devel-linux-x86_64-debian-clang 0.1.1 2.65 39.17 41.82 OK
r-devel-linux-x86_64-debian-gcc 0.1.1 2.23 28.37 30.60 OK
r-devel-linux-x86_64-fedora-clang 0.1.1 68.74 OK
r-devel-linux-x86_64-fedora-gcc 0.1.1 64.97 OK
r-devel-macos-arm64 0.1.1 24.00 OK
r-devel-macos-x86_64 0.1.1 45.00 OK
r-devel-windows-x86_64 0.1.1 5.00 67.00 72.00 OK
r-patched-linux-x86_64 0.1.1 2.94 37.32 40.26 NOTE
r-release-linux-x86_64 0.1.1 2.61 37.57 40.18 NOTE
r-release-macos-arm64 0.1.1 24.00 NOTE
r-release-macos-x86_64 0.1.1 34.00 NOTE
r-release-windows-x86_64 0.1.1 5.00 68.00 73.00 NOTE
r-oldrel-macos-arm64 0.1.1 27.00 NOTE
r-oldrel-macos-x86_64 0.1.1 35.00 NOTE
r-oldrel-windows-x86_64 0.1.1 6.00 85.00 91.00 NOTE

Check Details

Version: 0.1.1
Check: LazyData
Result: NOTE 'LazyData' is specified without a 'data' directory Flavors: r-patched-linux-x86_64, r-release-linux-x86_64, r-release-macos-arm64, r-release-macos-x86_64, r-release-windows-x86_64, r-oldrel-macos-arm64, r-oldrel-macos-x86_64, r-oldrel-windows-x86_64

These binaries (installable software) and packages are in development.
They may not be fully stable and should be used with caution. We make no claims about them.