Last updated on 2025-05-01 15:49:40 CEST.
Flavor | Version | Tinstall | Tcheck | Ttotal | Status | Flags |
---|---|---|---|---|---|---|
r-devel-linux-x86_64-debian-clang | 0.1.3 | 2.66 | 38.38 | 41.04 | NOTE | |
r-devel-linux-x86_64-debian-gcc | 0.1.3 | 1.86 | 28.36 | 30.22 | NOTE | |
r-devel-linux-x86_64-fedora-clang | 0.1.3 | 62.06 | OK | |||
r-devel-linux-x86_64-fedora-gcc | 0.1.3 | 75.08 | OK | |||
r-devel-windows-x86_64 | 0.1.3 | 4.00 | 63.00 | 67.00 | OK | |
r-patched-linux-x86_64 | 0.1.3 | 2.75 | 35.41 | 38.16 | OK | |
r-release-linux-x86_64 | OK | |||||
r-release-macos-arm64 | 0.1.3 | 30.00 | OK | |||
r-release-macos-x86_64 | 0.1.3 | 58.00 | OK | |||
r-release-windows-x86_64 | 0.1.3 | 5.00 | 66.00 | 71.00 | OK | |
r-oldrel-macos-arm64 | 0.1.3 | 27.00 | OK | |||
r-oldrel-macos-x86_64 | 0.1.3 | 39.00 | OK | |||
r-oldrel-windows-x86_64 | 0.1.3 | 3.00 | 63.00 | 66.00 | OK |
Version: 0.1.3
Check: CRAN incoming feasibility
Result: NOTE
Maintainer: ‘John Lepird <jlepird@alum.mit.edu>’
No Authors@R field in DESCRIPTION.
Please add one, modifying
Authors@R: person(given = "John",
family = "Lepird",
role = c("aut", "cre"),
email = "jlepird@alum.mit.edu")
as necessary.
Package CITATION file contains call(s) to old-style citEntry(). Please
use bibentry() instead.
Flavors: r-devel-linux-x86_64-debian-clang, r-devel-linux-x86_64-debian-gcc
These binaries (installable software) and packages are in development.
They may not be fully stable and should be used with caution. We make no claims about them.