CRAN Package Check Results for Package prefmod

Last updated on 2025-05-01 15:49:40 CEST.

Flavor Version Tinstall Tcheck Ttotal Status Flags
r-devel-linux-x86_64-debian-clang 0.8-36 13.26 87.24 100.50 NOTE
r-devel-linux-x86_64-debian-gcc 0.8-36 7.48 63.98 71.46 NOTE
r-devel-linux-x86_64-fedora-clang 0.8-36 156.14 OK
r-devel-linux-x86_64-fedora-gcc 0.8-36 146.84 OK
r-devel-windows-x86_64 0.8-36 14.00 109.00 123.00 NOTE
r-patched-linux-x86_64 0.8-36 12.81 84.33 97.14 NOTE
r-release-linux-x86_64 NOTE
r-release-macos-arm64 0.8-36 44.00 OK
r-release-macos-x86_64 0.8-36 91.00 OK
r-release-windows-x86_64 0.8-36 16.00 114.00 130.00 NOTE
r-oldrel-macos-arm64 0.8-36 41.00 OK
r-oldrel-macos-x86_64 0.8-36 79.00 OK
r-oldrel-windows-x86_64 0.8-36 18.00 124.00 142.00 OK

Check Details

Version: 0.8-36
Check: Rd cross-references
Result: NOTE Found the following Rd file(s) with Rd \link{} targets missing package anchors: llbt.worth.Rd: gnm Please provide package anchors for all Rd \link{} targets not in the package itself and the base packages. Flavors: r-devel-linux-x86_64-debian-clang, r-devel-linux-x86_64-debian-gcc, r-devel-windows-x86_64, r-patched-linux-x86_64, r-release-linux-x86_64, r-release-windows-x86_64

These binaries (installable software) and packages are in development.
They may not be fully stable and should be used with caution. We make no claims about them.