Last updated on 2025-10-27 03:50:50 CET.
| Flavor | Version | Tinstall | Tcheck | Ttotal | Status | Flags | 
|---|---|---|---|---|---|---|
| r-devel-linux-x86_64-debian-clang | 0.8-37 | 11.30 | 89.50 | 100.80 | NOTE | |
| r-devel-linux-x86_64-debian-gcc | 0.8-37 | 7.97 | 63.85 | 71.82 | NOTE | |
| r-devel-linux-x86_64-fedora-clang | 0.8-37 | 26.00 | 131.06 | 157.06 | NOTE | |
| r-devel-linux-x86_64-fedora-gcc | 0.8-37 | 62.00 | 98.83 | 160.83 | NOTE | |
| r-devel-windows-x86_64 | 0.8-37 | 15.00 | 104.00 | 119.00 | OK | |
| r-patched-linux-x86_64 | 0.8-37 | 12.83 | 85.42 | 98.25 | OK | |
| r-release-linux-x86_64 | 0.8-37 | 11.15 | 86.79 | 97.94 | OK | |
| r-release-macos-arm64 | 0.8-37 | 7.00 | 36.00 | 43.00 | OK | |
| r-release-macos-x86_64 | 0.8-37 | 14.00 | 74.00 | 88.00 | OK | |
| r-release-windows-x86_64 | 0.8-37 | 16.00 | 107.00 | 123.00 | OK | |
| r-oldrel-macos-arm64 | 0.8-37 | 10.00 | 54.00 | 64.00 | OK | |
| r-oldrel-macos-x86_64 | 0.8-37 | 61.00 | 180.00 | 241.00 | OK | |
| r-oldrel-windows-x86_64 | 0.8-37 | 20.00 | 130.00 | 150.00 | OK | 
Version: 0.8-37
Check: Rd files
Result: NOTE
  checkRd: (-1) prefmod-package.Rd:14-20: Only 2 columns allowed in this table (row 6 has 1)
Flavors: r-devel-linux-x86_64-debian-clang, r-devel-linux-x86_64-debian-gcc, r-devel-linux-x86_64-fedora-clang, r-devel-linux-x86_64-fedora-gcc
These binaries (installable software) and packages are in development.
They may not be fully stable and should be used with caution. We make no claims about them.