CRAN Package Check Results for Package prefmod

Last updated on 2025-11-16 07:49:44 CET.

Flavor Version Tinstall Tcheck Ttotal Status Flags
r-devel-linux-x86_64-debian-clang 0.8-37 9.25 92.16 101.41 NOTE
r-devel-linux-x86_64-debian-gcc 0.8-37 8.63 65.98 74.61 OK
r-devel-linux-x86_64-fedora-clang 0.8-37 57.00 112.71 169.71 OK
r-devel-linux-x86_64-fedora-gcc 0.8-37 67.00 94.45 161.45 OK
r-devel-windows-x86_64 0.8-37 17.00 102.00 119.00 NOTE
r-patched-linux-x86_64 0.8-37 11.28 85.63 96.91 OK
r-release-linux-x86_64 0.8-37 11.19 85.55 96.74 OK
r-release-macos-arm64 0.8-37 7.00 36.00 43.00 OK
r-release-macos-x86_64 0.8-37 14.00 74.00 88.00 OK
r-release-windows-x86_64 0.8-37 15.00 114.00 129.00 OK
r-oldrel-macos-arm64 0.8-37 10.00 54.00 64.00 OK
r-oldrel-macos-x86_64 0.8-37 61.00 180.00 241.00 OK
r-oldrel-windows-x86_64 0.8-37 20.00 128.00 148.00 OK

Check Details

Version: 0.8-37
Check: Rd files
Result: NOTE checkRd: (-1) prefmod-package.Rd:14-20: Only 2 columns allowed in this table (row 6 has 1) Flavors: r-devel-linux-x86_64-debian-clang, r-devel-windows-x86_64

These binaries (installable software) and packages are in development.
They may not be fully stable and should be used with caution. We make no claims about them.