CRAN Package Check Results for Package prenoms

Last updated on 2025-07-05 11:49:24 CEST.

Flavor Version Tinstall Tcheck Ttotal Status Flags
r-devel-linux-x86_64-debian-clang 0.0.1 7.91 39.14 47.05 OK
r-devel-linux-x86_64-debian-gcc 0.0.1 6.63 31.19 37.82 OK
r-devel-linux-x86_64-fedora-clang 0.0.1 73.88 OK
r-devel-linux-x86_64-fedora-gcc 0.0.1 65.95 OK
r-devel-windows-x86_64 0.0.1 9.00 61.00 70.00 OK
r-patched-linux-x86_64 0.0.1 7.75 36.94 44.69 OK
r-release-linux-x86_64 0.0.1 8.38 36.15 44.53 OK
r-release-macos-arm64 0.0.1 31.00 OK
r-release-macos-x86_64 0.0.1 49.00 OK
r-release-windows-x86_64 0.0.1 10.00 62.00 72.00 OK
r-oldrel-macos-arm64 0.0.1 29.00 OK
r-oldrel-macos-x86_64 0.0.1 42.00 NOTE
r-oldrel-windows-x86_64 0.0.1 13.00 67.00 80.00 OK

Check Details

Version: 0.0.1
Check: installed package size
Result: NOTE installed size is 5.0Mb sub-directories of 1Mb or more: data 4.9Mb Flavor: r-oldrel-macos-x86_64

These binaries (installable software) and packages are in development.
They may not be fully stable and should be used with caution. We make no claims about them.